CRAN Package Check Results for Package uplifteval

Last updated on 2021-11-28 22:51:31 CET.

Flavor Version Tinstall Tcheck Ttotal Status Flags
r-devel-linux-x86_64-debian-clang 0.1.0 NOTE
r-devel-linux-x86_64-debian-gcc 0.1.0 4.71 127.80 132.51 NOTE
r-devel-linux-x86_64-fedora-clang 0.1.0 210.44 NOTE
r-devel-linux-x86_64-fedora-gcc 0.1.0 207.18 NOTE
r-devel-windows-x86_64-new-UL 0.1.0 13.00 132.00 145.00 NOTE
r-devel-windows-x86_64-new-TK 0.1.0 NOTE
r-devel-windows-x86_64-old 0.1.0 7.00 109.00 116.00 NOTE
r-patched-linux-x86_64 0.1.0 5.18 166.02 171.20 NOTE
r-patched-solaris-x86 0.1.0 103.40 NOTE
r-release-linux-x86_64 0.1.0 5.47 166.13 171.60 NOTE
r-release-macos-arm64 0.1.0 NOTE
r-release-macos-x86_64 0.1.0 NOTE
r-release-windows-ix86+x86_64 0.1.0 14.00 82.00 96.00 NOTE
r-oldrel-macos-x86_64 0.1.0 OK
r-oldrel-windows-ix86+x86_64 0.1.0 26.00 109.00 135.00 OK

Check Details

Version: 0.1.0
Check: LazyData
Result: NOTE
     'LazyData' is specified without a 'data' directory
Flavors: r-devel-linux-x86_64-debian-clang, r-devel-linux-x86_64-debian-gcc, r-devel-linux-x86_64-fedora-clang, r-devel-linux-x86_64-fedora-gcc, r-devel-windows-x86_64-new-UL, r-devel-windows-x86_64-new-TK, r-devel-windows-x86_64-old, r-patched-linux-x86_64, r-patched-solaris-x86, r-release-linux-x86_64, r-release-macos-arm64, r-release-macos-x86_64, r-release-windows-ix86+x86_64