CRAN Package Check Results for Package ursa

Last updated on 2021-05-12 22:53:49 CEST.

Flavor Version Tinstall Tcheck Ttotal Status Flags
r-devel-linux-x86_64-debian-clang 3.9.2 9.62 420.71 430.33 OK
r-devel-linux-x86_64-debian-gcc 3.9.2 6.34 320.59 326.93 OK
r-devel-linux-x86_64-fedora-clang 3.9.2 405.02 NOTE
r-devel-linux-x86_64-fedora-gcc 3.9.2 539.23 OK
r-devel-windows-ix86+x86_64 3.9.2 18.00 636.00 654.00 OK
r-devel-windows-x86_64-gcc10-UCRT 3.9.2 OK
r-patched-linux-x86_64 3.9.2 11.70 402.83 414.53 OK
r-patched-solaris-x86 3.9.2 707.70 OK
r-release-linux-x86_64 3.9.2 7.75 388.54 396.29 OK
r-release-macos-x86_64 3.9.2 OK
r-release-windows-ix86+x86_64 3.9.2 16.00 828.00 844.00 OK
r-oldrel-macos-x86_64 3.9.2 NOTE
r-oldrel-windows-ix86+x86_64 3.9.2 19.00 815.00 834.00 NOTE

Check Details

Version: 3.9.2
Check: Rd cross-references
Result: NOTE
    Undeclared package ‘rje’ in Rd xrefs
Flavor: r-devel-linux-x86_64-fedora-clang

Version: 3.9.2
Check: dependencies in R code
Result: NOTE
    No protocol specified
    No protocol specified
Flavor: r-oldrel-macos-x86_64

Version: 3.9.2
Check: R code for possible problems
Result: NOTE
    .geomap: no visible global function definition for ‘list2DF’
    Undefined global functions or variables:
     list2DF
Flavors: r-oldrel-macos-x86_64, r-oldrel-windows-ix86+x86_64