Last updated on 2023-09-24 22:59:55 CEST.
Flavor | Version | Tinstall | Tcheck | Ttotal | Status | Flags |
---|---|---|---|---|---|---|
r-devel-linux-x86_64-debian-clang | 0.5.0 | 5.00 | 52.93 | 57.93 | OK | |
r-devel-linux-x86_64-debian-gcc | 0.5.0 | 4.49 | 39.13 | 43.62 | OK | |
r-devel-linux-x86_64-fedora-clang | 0.5.0 | 70.75 | NOTE | |||
r-devel-linux-x86_64-fedora-gcc | 0.5.0 | 75.15 | OK | |||
r-devel-windows-x86_64 | 0.5.0 | 7.00 | 63.00 | 70.00 | OK | |
r-patched-linux-x86_64 | 0.5.0 | 6.01 | 50.04 | 56.05 | OK | |
r-release-linux-x86_64 | 0.5.0 | 5.70 | 51.30 | 57.00 | OK | |
r-release-macos-arm64 | 0.5.0 | 29.00 | OK | |||
r-release-macos-x86_64 | 0.5.0 | 66.00 | OK | |||
r-release-windows-x86_64 | 0.5.0 | 7.00 | 71.00 | 78.00 | OK | |
r-oldrel-macos-arm64 | 0.5.0 | 30.00 | OK | |||
r-oldrel-macos-x86_64 | 0.5.0 | 39.00 | OK | |||
r-oldrel-windows-x86_64 | 0.5.0 | 9.00 | 69.00 | 78.00 | OK |
Version: 0.5.0
Check: Rd cross-references
Result: NOTE
Undeclared package ‘pROC’ in Rd xrefs
Flavor: r-devel-linux-x86_64-fedora-clang