CRAN Package Check Results for Package usethis

Last updated on 2021-09-27 22:50:27 CEST.

Flavor Version Tinstall Tcheck Ttotal Status Flags
r-devel-linux-x86_64-debian-clang 2.0.1 8.42 121.65 130.07 NOTE
r-devel-linux-x86_64-debian-gcc 2.0.1 7.11 93.51 100.62 NOTE
r-devel-linux-x86_64-fedora-clang 2.0.1 163.74 NOTE
r-devel-linux-x86_64-fedora-gcc 2.0.1 143.34 NOTE
r-devel-windows-x86_64 2.0.1 10.00 125.00 135.00 NOTE
r-devel-windows-x86_64-gcc10-UCRT 2.0.1 NOTE
r-patched-linux-x86_64 2.0.1 11.37 116.84 128.21 NOTE
r-patched-solaris-x86 2.0.1 176.20 NOTE
r-release-linux-x86_64 2.0.1 10.41 118.15 128.56 NOTE
r-release-macos-arm64 2.0.1 NOTE
r-release-macos-x86_64 2.0.1 NOTE
r-release-windows-ix86+x86_64 2.0.1 16.00 134.00 150.00 NOTE
r-oldrel-macos-x86_64 2.0.1 OK
r-oldrel-windows-ix86+x86_64 2.0.1 12.00 111.00 123.00 OK

Check Details

Version: 2.0.1
Check: LazyData
Result: NOTE
     'LazyData' is specified without a 'data' directory
Flavors: r-devel-linux-x86_64-debian-clang, r-devel-linux-x86_64-debian-gcc, r-devel-linux-x86_64-fedora-clang, r-devel-linux-x86_64-fedora-gcc, r-devel-windows-x86_64, r-devel-windows-x86_64-gcc10-UCRT, r-patched-linux-x86_64, r-patched-solaris-x86, r-release-linux-x86_64, r-release-macos-arm64, r-release-macos-x86_64, r-release-windows-ix86+x86_64