CRAN Package Check Results for Package usethis

Last updated on 2021-06-13 22:48:35 CEST.

Flavor Version Tinstall Tcheck Ttotal Status Flags
r-devel-linux-x86_64-debian-clang 2.0.1 9.01 120.07 129.08 NOTE
r-devel-linux-x86_64-debian-gcc 2.0.1 7.86 94.11 101.97 NOTE
r-devel-linux-x86_64-fedora-clang 2.0.1 154.96 NOTE
r-devel-linux-x86_64-fedora-gcc 2.0.1 143.56 NOTE
r-devel-windows-x86_64 2.0.1 14.00 168.00 182.00 NOTE
r-devel-windows-x86_64-gcc10-UCRT 2.0.1 NOTE
r-patched-linux-x86_64 2.0.1 10.38 120.27 130.65 NOTE
r-patched-solaris-x86 2.0.1 187.00 NOTE
r-release-linux-x86_64 2.0.1 8.13 118.48 126.61 NOTE
r-release-macos-arm64 2.0.1 NOTE
r-release-macos-x86_64 2.0.1 NOTE
r-release-windows-ix86+x86_64 2.0.1 18.00 182.00 200.00 NOTE
r-oldrel-macos-x86_64 2.0.1 OK
r-oldrel-windows-ix86+x86_64 2.0.1 21.00 198.00 219.00 OK

Check Details

Version: 2.0.1
Check: LazyData
Result: NOTE
     'LazyData' is specified without a 'data' directory
Flavors: r-devel-linux-x86_64-debian-clang, r-devel-linux-x86_64-debian-gcc, r-devel-linux-x86_64-fedora-clang, r-devel-linux-x86_64-fedora-gcc, r-devel-windows-x86_64, r-devel-windows-x86_64-gcc10-UCRT, r-patched-linux-x86_64, r-patched-solaris-x86, r-release-linux-x86_64, r-release-macos-arm64, r-release-macos-x86_64, r-release-windows-ix86+x86_64

Version: 2.0.1
Check: package dependencies
Result: NOTE
    Package suggested but not available for checking: ‘testthat’
Flavor: r-release-macos-arm64