Last updated on 2023-10-01 23:04:01 CEST.
Flavor | Version | Tinstall | Tcheck | Ttotal | Status | Flags |
---|---|---|---|---|---|---|
r-devel-linux-x86_64-debian-clang | 0.6.2 | 4.00 | 86.56 | 90.56 | OK | |
r-devel-linux-x86_64-debian-gcc | 0.6.2 | 2.90 | 66.03 | 68.93 | OK | |
r-devel-linux-x86_64-fedora-clang | 0.6.2 | 109.29 | NOTE | |||
r-devel-linux-x86_64-fedora-gcc | 0.6.2 | 117.47 | NOTE | |||
r-devel-windows-x86_64 | 0.6.2 | 5.00 | 95.00 | 100.00 | OK | |
r-patched-linux-x86_64 | 0.6.2 | 4.56 | 81.88 | 86.44 | OK | |
r-release-linux-x86_64 | 0.6.2 | 3.97 | 83.29 | 87.26 | OK | |
r-release-macos-arm64 | 0.6.2 | 56.00 | OK | |||
r-release-macos-x86_64 | 0.6.2 | 131.00 | OK | |||
r-release-windows-x86_64 | 0.6.2 | 7.00 | 108.00 | 115.00 | OK | |
r-oldrel-macos-arm64 | 0.6.2 | 47.00 | OK | |||
r-oldrel-macos-x86_64 | 0.6.2 | 56.00 | OK | |||
r-oldrel-windows-x86_64 | 0.6.2 | 6.00 | 108.00 | 114.00 | OK |
Version: 0.6.2
Check: data for non-ASCII characters
Result: NOTE
Note: found 1 marked UTF-8 string
Flavors: r-devel-linux-x86_64-fedora-clang, r-devel-linux-x86_64-fedora-gcc