CRAN Package Check Results for Package usmap

Last updated on 2018-06-24 22:49:45 CEST.

Flavor Version Tinstall Tcheck Ttotal Status Flags
r-devel-linux-x86_64-debian-clang 0.3.0 1.54 37.59 39.13 OK
r-devel-linux-x86_64-debian-gcc 0.3.0 1.37 29.50 30.87 OK
r-devel-linux-x86_64-fedora-clang 0.3.0 46.31 NOTE
r-devel-linux-x86_64-fedora-gcc 0.3.0 43.60 NOTE
r-devel-windows-ix86+x86_64 0.3.0 6.00 49.00 55.00 NOTE
r-patched-linux-x86_64 0.3.0 1.71 35.20 36.91 OK
r-patched-solaris-x86 0.3.0 69.00 NOTE
r-release-linux-x86_64 0.3.0 1.92 35.35 37.27 OK
r-release-windows-ix86+x86_64 0.3.0 5.00 67.00 72.00 NOTE
r-release-osx-x86_64 0.3.0 NOTE
r-oldrel-windows-ix86+x86_64 0.3.0 6.00 82.00 88.00 NOTE
r-oldrel-osx-x86_64 0.2.1 NOTE

Check Details

Version: 0.3.0
Check: installed package size
Result: NOTE
     installed size is 7.0Mb
     sub-directories of 1Mb or more:
     extdata 6.2Mb
Flavors: r-devel-linux-x86_64-fedora-clang, r-devel-windows-ix86+x86_64, r-patched-solaris-x86, r-release-windows-ix86+x86_64, r-release-osx-x86_64, r-oldrel-windows-ix86+x86_64

Version: 0.3.0
Check: data for non-ASCII characters
Result: NOTE
     Note: found 1 marked UTF-8 string
Flavors: r-devel-linux-x86_64-fedora-clang, r-devel-linux-x86_64-fedora-gcc, r-patched-solaris-x86, r-release-osx-x86_64

Version: 0.2.1
Check: installed package size
Result: NOTE
     installed size is 7.0Mb
     sub-directories of 1Mb or more:
     extdata 6.2Mb
Flavor: r-oldrel-osx-x86_64

Version: 0.2.1
Check: data for non-ASCII characters
Result: NOTE
     Note: found 1 marked UTF-8 string
Flavor: r-oldrel-osx-x86_64