CRAN Package Check Results for Package usmap

Last updated on 2018-12-09 22:58:48 CET.

Flavor Version Tinstall Tcheck Ttotal Status Flags
r-devel-linux-x86_64-debian-clang 0.4.0 2.08 44.84 46.92 OK
r-devel-linux-x86_64-debian-gcc 0.4.0 1.63 35.62 37.25 OK
r-devel-linux-x86_64-fedora-clang 0.4.0 55.03 NOTE
r-devel-linux-x86_64-fedora-gcc 0.4.0 56.61 NOTE
r-devel-windows-ix86+x86_64 0.4.0 6.00 56.00 62.00 NOTE
r-patched-linux-x86_64 0.4.0 1.81 43.00 44.81 OK
r-patched-solaris-x86 0.4.0 80.50 NOTE
r-release-linux-x86_64 0.4.0 2.00 42.77 44.77 OK
r-release-windows-ix86+x86_64 0.4.0 7.00 56.00 63.00 NOTE
r-release-osx-x86_64 0.4.0 NOTE
r-oldrel-windows-ix86+x86_64 0.4.0 4.00 76.00 80.00 NOTE
r-oldrel-osx-x86_64 0.4.0 NOTE

Check Details

Version: 0.4.0
Check: installed package size
Result: NOTE
     installed size is 7.0Mb
     sub-directories of 1Mb or more:
     extdata 6.2Mb
Flavors: r-devel-linux-x86_64-fedora-clang, r-devel-windows-ix86+x86_64, r-patched-solaris-x86, r-release-windows-ix86+x86_64, r-release-osx-x86_64, r-oldrel-windows-ix86+x86_64, r-oldrel-osx-x86_64

Version: 0.4.0
Check: data for non-ASCII characters
Result: NOTE
     Note: found 1 marked UTF-8 string
Flavors: r-devel-linux-x86_64-fedora-clang, r-devel-linux-x86_64-fedora-gcc, r-patched-solaris-x86, r-release-osx-x86_64, r-oldrel-osx-x86_64