CRAN Package Check Results for Package usmap

Last updated on 2019-03-20 22:48:15 CET.

Flavor Version Tinstall Tcheck Ttotal Status Flags
r-devel-linux-x86_64-debian-clang 0.4.0 2.52 47.82 50.34 OK
r-devel-linux-x86_64-debian-gcc 0.4.0 2.06 37.55 39.61 OK
r-devel-linux-x86_64-fedora-clang 0.4.0 60.51 NOTE
r-devel-linux-x86_64-fedora-gcc 0.4.0 57.18 NOTE
r-devel-windows-ix86+x86_64 0.4.0 9.00 79.00 88.00 NOTE
r-patched-linux-x86_64 0.4.0 1.77 43.83 45.60 OK
r-patched-solaris-x86 0.4.0 79.20 NOTE
r-release-linux-x86_64 0.4.0 1.99 43.83 45.82 OK
r-release-windows-ix86+x86_64 0.4.0 8.00 83.00 91.00 NOTE
r-release-osx-x86_64 0.4.0 NOTE
r-oldrel-windows-ix86+x86_64 0.4.0 4.00 101.00 105.00 NOTE
r-oldrel-osx-x86_64 0.4.0 NOTE

Check Details

Version: 0.4.0
Check: installed package size
Result: NOTE
     installed size is 7.0Mb
     sub-directories of 1Mb or more:
     extdata 6.2Mb
Flavors: r-devel-linux-x86_64-fedora-clang, r-devel-windows-ix86+x86_64, r-patched-solaris-x86, r-release-windows-ix86+x86_64, r-release-osx-x86_64, r-oldrel-windows-ix86+x86_64, r-oldrel-osx-x86_64

Version: 0.4.0
Check: data for non-ASCII characters
Result: NOTE
     Note: found 1 marked UTF-8 string
Flavors: r-devel-linux-x86_64-fedora-clang, r-devel-linux-x86_64-fedora-gcc, r-patched-solaris-x86, r-release-osx-x86_64, r-oldrel-osx-x86_64