CRAN Package Check Results for Package usmap

Last updated on 2018-09-17 22:51:23 CEST.

Flavor Version Tinstall Tcheck Ttotal Status Flags
r-devel-linux-x86_64-debian-clang 0.4.0 2.26 45.58 47.84 OK
r-devel-linux-x86_64-debian-gcc 0.4.0 1.79 36.15 37.94 OK
r-devel-linux-x86_64-fedora-clang 0.4.0 32.82 NOTE
r-devel-linux-x86_64-fedora-gcc 0.4.0 30.00 NOTE
r-devel-windows-ix86+x86_64 0.4.0 4.00 55.00 59.00 NOTE
r-patched-linux-x86_64 0.4.0 2.12 42.26 44.38 OK
r-patched-solaris-x86 0.4.0 69.90 NOTE
r-release-linux-x86_64 0.3.0 1.67 35.38 37.05 OK
r-release-windows-ix86+x86_64 0.4.0 6.00 97.00 103.00 NOTE
r-release-osx-x86_64 0.3.0 NOTE
r-oldrel-windows-ix86+x86_64 0.3.0 4.00 65.00 69.00 NOTE
r-oldrel-osx-x86_64 0.3.0 NOTE

Check Details

Version: 0.4.0
Check: installed package size
Result: NOTE
     installed size is 7.0Mb
     sub-directories of 1Mb or more:
     extdata 6.2Mb
Flavors: r-devel-linux-x86_64-fedora-clang, r-devel-windows-ix86+x86_64, r-release-windows-ix86+x86_64

Version: 0.4.0
Check: data for non-ASCII characters
Result: NOTE
     Note: found 1 marked UTF-8 string
Flavors: r-devel-linux-x86_64-fedora-clang, r-devel-linux-x86_64-fedora-gcc, r-patched-solaris-x86

Version: 0.3.0
Check: installed package size
Result: NOTE
     installed size is 6.9Mb
     sub-directories of 1Mb or more:
     extdata 6.2Mb
Flavors: r-release-osx-x86_64, r-oldrel-windows-ix86+x86_64, r-oldrel-osx-x86_64

Version: 0.3.0
Check: data for non-ASCII characters
Result: NOTE
     Note: found 1 marked UTF-8 string
Flavors: r-release-osx-x86_64, r-oldrel-osx-x86_64