CRAN Package Check Results for Package utf8

Last updated on 2021-07-29 22:56:24 CEST.

Flavor Version Tinstall Tcheck Ttotal Status Flags
r-devel-linux-x86_64-debian-clang 1.2.2 OK
r-devel-linux-x86_64-debian-gcc 1.2.2 5.06 24.43 29.49 OK
r-devel-linux-x86_64-fedora-clang 1.2.2 57.57 OK
r-devel-linux-x86_64-fedora-gcc 1.2.2 47.13 OK
r-devel-windows-x86_64 1.2.2 20.00 54.00 74.00 OK
r-devel-windows-x86_64-gcc10-UCRT 1.2.1 NOTE
r-patched-linux-x86_64 1.2.2 6.63 30.56 37.19 OK
r-patched-solaris-x86 1.2.2 65.40 OK
r-release-linux-x86_64 1.2.2 6.81 30.58 37.39 OK
r-release-macos-arm64 1.2.2 OK
r-release-macos-x86_64 1.2.2 OK
r-release-windows-ix86+x86_64 1.2.2 2.00 6.00 8.00 ERROR
r-oldrel-macos-x86_64 1.2.2 OK
r-oldrel-windows-ix86+x86_64 1.2.2 1.00 5.00 6.00 ERROR

Check Details

Version: 1.2.1
Check: LazyData
Result: NOTE
     'LazyData' is specified without a 'data' directory
Flavor: r-devel-windows-x86_64-gcc10-UCRT

Version: 1.2.2
Check: whether package can be installed
Result: ERROR
    Installation failed.
Flavors: r-release-windows-ix86+x86_64, r-oldrel-windows-ix86+x86_64