CRAN Package Check Results for Package utf8

Last updated on 2021-05-12 22:53:49 CEST.

Flavor Version Tinstall Tcheck Ttotal Status Flags
r-devel-linux-x86_64-debian-clang 1.2.1 8.29 31.33 39.62 NOTE
r-devel-linux-x86_64-debian-gcc 1.2.1 5.40 24.23 29.63 NOTE
r-devel-linux-x86_64-fedora-clang 1.2.1 56.50 NOTE
r-devel-linux-x86_64-fedora-gcc 1.2.1 46.10 NOTE
r-devel-windows-ix86+x86_64 1.2.1 33.00 46.00 79.00 NOTE
r-devel-windows-x86_64-gcc10-UCRT 1.2.1 NOTE
r-patched-linux-x86_64 1.2.1 6.78 29.09 35.87 NOTE
r-patched-solaris-x86 1.2.1 71.00 NOTE
r-release-linux-x86_64 1.2.1 6.69 29.10 35.79 OK
r-release-macos-x86_64 1.2.1 OK
r-release-windows-ix86+x86_64 1.2.1 31.00 62.00 93.00 OK
r-oldrel-macos-x86_64 1.2.1 OK
r-oldrel-windows-ix86+x86_64 1.2.1 35.00 56.00 91.00 OK

Check Details

Version: 1.2.1
Check: LazyData
Result: NOTE
     'LazyData' is specified without a 'data' directory
Flavors: r-devel-linux-x86_64-debian-clang, r-devel-linux-x86_64-debian-gcc, r-devel-linux-x86_64-fedora-clang, r-devel-linux-x86_64-fedora-gcc, r-devel-windows-ix86+x86_64, r-devel-windows-x86_64-gcc10-UCRT, r-patched-linux-x86_64, r-patched-solaris-x86