CRAN Package Check Results for Package utile.tables

Last updated on 2021-12-07 22:59:47 CET.

Flavor Version Tinstall Tcheck Ttotal Status Flags
r-devel-linux-x86_64-debian-clang 0.2.1 3.06 41.11 44.17 NOTE
r-devel-linux-x86_64-debian-gcc 0.2.1 2.55 31.47 34.02 NOTE
r-devel-linux-x86_64-fedora-clang 0.2.1 57.20 NOTE
r-devel-linux-x86_64-fedora-gcc 0.2.1 41.67 NOTE
r-devel-windows-x86_64-new-UL 0.2.1 8.00 69.00 77.00 NOTE
r-devel-windows-x86_64-new-TK 0.2.1 NOTE
r-devel-windows-x86_64-old 0.2.1 7.00 40.00 47.00 NOTE
r-patched-linux-x86_64 0.2.1 3.38 37.62 41.00 NOTE
r-release-linux-x86_64 0.2.1 2.82 38.30 41.12 NOTE
r-release-macos-arm64 0.2.1 NOTE
r-release-macos-x86_64 0.2.1 NOTE
r-release-windows-ix86+x86_64 0.2.1 6.00 50.00 56.00 NOTE
r-oldrel-macos-x86_64 0.2.1 OK
r-oldrel-windows-ix86+x86_64 0.2.1 7.00 52.00 59.00 OK

Check Details

Version: 0.2.1
Check: LazyData
Result: NOTE
     'LazyData' is specified without a 'data' directory
Flavors: r-devel-linux-x86_64-debian-clang, r-devel-linux-x86_64-debian-gcc, r-devel-linux-x86_64-fedora-clang, r-devel-linux-x86_64-fedora-gcc, r-devel-windows-x86_64-new-UL, r-devel-windows-x86_64-new-TK, r-devel-windows-x86_64-old, r-patched-linux-x86_64, r-release-linux-x86_64, r-release-macos-arm64, r-release-macos-x86_64, r-release-windows-ix86+x86_64