Last updated on 2023-11-29 23:02:54 CET.
Flavor | Version | Tinstall | Tcheck | Ttotal | Status | Flags |
---|---|---|---|---|---|---|
r-devel-linux-x86_64-debian-clang | 0.1.16 | 108.38 | 217.79 | 326.17 | OK | |
r-devel-linux-x86_64-debian-gcc | 0.1.16 | 92.85 | 179.62 | 272.47 | OK | |
r-devel-linux-x86_64-fedora-clang | 0.1.16 | 421.23 | OK | |||
r-devel-linux-x86_64-fedora-gcc | 0.1.16 | 444.14 | OK | |||
r-devel-windows-x86_64 | 0.1.16 | 90.00 | 217.00 | 307.00 | WARN | |
r-patched-linux-x86_64 | 0.1.16 | 110.70 | 212.96 | 323.66 | OK | |
r-release-linux-x86_64 | 0.1.16 | 105.92 | 211.60 | 317.52 | OK | |
r-release-macos-arm64 | 0.1.16 | 127.00 | NOTE | |||
r-release-macos-x86_64 | 0.1.16 | 277.00 | NOTE | |||
r-release-windows-x86_64 | 0.1.16 | 117.00 | 289.00 | 406.00 | OK | |
r-oldrel-macos-arm64 | 0.1.16 | 121.00 | NOTE | |||
r-oldrel-macos-x86_64 | 0.1.16 | 160.00 | NOTE | |||
r-oldrel-windows-x86_64 | 0.1.16 | 105.00 | 263.00 | 368.00 | OK |
Version: 0.1.16
Check: whether package can be installed
Result: WARN
Found the following significant warnings:
D:/RCompile/CRANpkg/lib/4.4/RcppAnnoy/include/annoylib.h:1138:39: warning: unknown conversion type character 'z' in format [-Wformat=]
D:/RCompile/CRANpkg/lib/4.4/RcppAnnoy/include/annoylib.h:1138:39: warning: format '%d' expects argument of type 'int', but argument 2 has type 'std::vector<int>::size_type' {aka 'long long unsigned int'} [-Wformat=]
D:/RCompile/CRANpkg/lib/4.4/RcppAnnoy/include/annoylib.h:1138:39: warning: too many arguments for format [-Wformat-extra-args]
D:/RCompile/CRANpkg/lib/4.4/RcppAnnoy/include/annoylib.h:1197:41: warning: unknown conversion type character 'z' in format [-Wformat=]
D:/RCompile/CRANpkg/lib/4.4/RcppAnnoy/include/annoylib.h:1197:41: warning: too many arguments for format [-Wformat-extra-args]
D:/RCompile/CRANpkg/lib/4.4/RcppAnnoy/include/annoylib.h:1328:29: warning: unknown conversion type character 'z' in format [-Wformat=]
D:/RCompile/CRANpkg/lib/4.4/RcppAnnoy/include/annoylib.h:1328:29: warning: too many arguments for format [-Wformat-extra-args]
See 'd:/Rcompile/CRANpkg/local/4.4/uwot.Rcheck/00install.out' for details.
* used C++ compiler: 'g++.exe (GCC) 12.3.0'
Flavor: r-devel-windows-x86_64
Version: 0.1.16
Check: installed package size
Result: NOTE
installed size is 18.7Mb
sub-directories of 1Mb or more:
libs 18.1Mb
Flavors: r-release-macos-arm64, r-release-macos-x86_64, r-oldrel-macos-arm64, r-oldrel-macos-x86_64