Last updated on 2025-01-19 22:49:28 CET.
Flavor | Version | Tinstall | Tcheck | Ttotal | Status | Flags |
---|---|---|---|---|---|---|
r-devel-linux-x86_64-debian-clang | 1.0.5 | 1.66 | 17.49 | 19.15 | OK | |
r-devel-linux-x86_64-debian-gcc | 1.0.5 | 1.26 | 14.07 | 15.33 | OK | |
r-devel-linux-x86_64-fedora-clang | 1.0.5 | 32.78 | OK | |||
r-devel-linux-x86_64-fedora-gcc | 1.0.5 | 32.45 | OK | |||
r-devel-windows-x86_64 | 1.0.5 | 3.00 | 45.00 | 48.00 | OK | |
r-patched-linux-x86_64 | 1.0.5 | 1.63 | 16.84 | 18.47 | NOTE | |
r-release-linux-x86_64 | 1.0.5 | 1.49 | 16.75 | 18.24 | NOTE | |
r-release-macos-arm64 | 1.0.5 | 15.00 | NOTE | |||
r-release-macos-x86_64 | 1.0.5 | 21.00 | NOTE | |||
r-release-windows-x86_64 | 1.0.5 | 3.00 | 47.00 | 50.00 | NOTE | |
r-oldrel-macos-arm64 | 1.0.5 | 18.00 | NOTE | |||
r-oldrel-macos-x86_64 | 1.0.5 | 20.00 | NOTE | |||
r-oldrel-windows-x86_64 | 1.0.5 | 3.00 | 47.00 | 50.00 | NOTE |
Version: 1.0.5
Check: package dependencies
Result: NOTE
Packages suggested but not available for checking: 'vaers', 'vaersND'
Flavors: r-patched-linux-x86_64, r-release-linux-x86_64, r-release-macos-arm64, r-release-macos-x86_64, r-release-windows-x86_64, r-oldrel-macos-arm64, r-oldrel-macos-x86_64, r-oldrel-windows-x86_64