CRAN Package Check Results for Package vagalumeR

Last updated on 2023-10-04 00:02:03 CEST.

Flavor Version Tinstall Tcheck Ttotal Status Flags
r-devel-linux-x86_64-debian-clang 0.1.6 2.05 21.85 23.90 NOTE
r-devel-linux-x86_64-debian-gcc 0.1.6 1.71 17.05 18.76 NOTE
r-devel-linux-x86_64-fedora-clang 0.1.6 30.04 NOTE
r-devel-linux-x86_64-fedora-gcc 0.1.6 29.31 NOTE
r-devel-windows-x86_64 0.1.6 3.00 48.00 51.00 NOTE
r-patched-linux-x86_64 0.1.6 1.69 21.31 23.00 NOTE
r-release-linux-x86_64 0.1.6 1.98 21.44 23.42 NOTE
r-release-macos-arm64 0.1.6 17.00 NOTE
r-release-macos-x86_64 0.1.6 19.00 NOTE
r-release-windows-x86_64 0.1.6 5.00 39.00 44.00 NOTE
r-oldrel-macos-arm64 0.1.6 15.00 NOTE
r-oldrel-macos-x86_64 0.1.6 27.00 NOTE
r-oldrel-windows-x86_64 0.1.6 4.00 43.00 47.00 NOTE

Check Details

Version: 0.1.6
Check: LazyData
Result: NOTE
     'LazyData' is specified without a 'data' directory
Flavors: r-devel-linux-x86_64-debian-clang, r-devel-linux-x86_64-debian-gcc, r-devel-linux-x86_64-fedora-clang, r-devel-linux-x86_64-fedora-gcc, r-devel-windows-x86_64, r-patched-linux-x86_64, r-release-linux-x86_64, r-release-macos-arm64, r-release-macos-x86_64, r-release-windows-x86_64, r-oldrel-macos-arm64, r-oldrel-macos-x86_64, r-oldrel-windows-x86_64