Last updated on 2023-09-20 21:53:05 CEST.
Flavor | Version | Tinstall | Tcheck | Ttotal | Status | Flags |
---|---|---|---|---|---|---|
r-devel-linux-x86_64-debian-clang | 0.6.8 | 213.47 | 516.21 | 729.68 | OK | |
r-devel-linux-x86_64-debian-gcc | 0.7.0 | 158.93 | 384.24 | 543.17 | OK | |
r-devel-linux-x86_64-fedora-clang | 0.7.0 | 754.07 | OK | |||
r-devel-linux-x86_64-fedora-gcc | 0.7.0 | 985.37 | OK | |||
r-devel-windows-x86_64 | 0.7.0 | 143.00 | 318.00 | 461.00 | OK | |
r-patched-linux-x86_64 | 0.7.0 | 191.63 | 489.51 | 681.14 | OK | |
r-release-linux-x86_64 | 0.6.8 | 160.70 | 487.49 | 648.19 | OK | |
r-release-macos-arm64 | 0.7.0 | 310.00 | NOTE | |||
r-release-macos-x86_64 | 0.7.0 | 470.00 | NOTE | |||
r-release-windows-x86_64 | 0.7.0 | 136.00 | 357.00 | 493.00 | OK | |
r-oldrel-macos-arm64 | 0.6.8 | 201.00 | NOTE | |||
r-oldrel-macos-x86_64 | 0.6.8 | 280.00 | NOTE | |||
r-oldrel-windows-x86_64 | 0.7.0 | 144.00 | 333.00 | 477.00 | OK |
Version: 0.7.0
Check: installed package size
Result: NOTE
installed size is 7.1Mb
sub-directories of 1Mb or more:
libs 6.0Mb
Flavors: r-release-macos-arm64, r-release-macos-x86_64
Version: 0.6.8
Check: installed package size
Result: NOTE
installed size is 7.4Mb
sub-directories of 1Mb or more:
libs 6.3Mb
Flavors: r-oldrel-macos-arm64, r-oldrel-macos-x86_64