CRAN Package Check Results for Package varband

Last updated on 2019-09-21 22:49:12 CEST.

Flavor Version Tinstall Tcheck Ttotal Status Flags
r-devel-linux-x86_64-debian-clang 0.9.0 26.28 52.89 79.17 OK
r-devel-linux-x86_64-debian-gcc 0.9.0 23.45 40.54 63.99 OK
r-devel-linux-x86_64-fedora-clang 0.9.0 108.10 NOTE
r-devel-linux-x86_64-fedora-gcc 0.9.0 108.67 NOTE
r-devel-windows-ix86+x86_64 0.9.0 76.00 122.00 198.00 OK
r-patched-linux-x86_64 0.9.0 25.48 51.39 76.87 OK
r-patched-solaris-x86 0.9.0 134.70 OK
r-release-linux-x86_64 0.9.0 28.79 51.75 80.54 OK
r-release-windows-ix86+x86_64 0.9.0 50.00 94.00 144.00 OK
r-release-osx-x86_64 0.9.0 OK
r-oldrel-windows-ix86+x86_64 0.9.0 48.00 98.00 146.00 OK
r-oldrel-osx-x86_64 0.9.0 OK

Check Details

Version: 0.9.0
Check: compiled code
Result: NOTE
    File ‘varband/libs/varband.so’:
     Found no calls to: ‘R_registerRoutines’, ‘R_useDynamicSymbols’
    
    It is good practice to register native routines and to disable symbol
    search.
    
    See ‘Writing portable packages’ in the ‘Writing R Extensions’ manual.
Flavors: r-devel-linux-x86_64-fedora-clang, r-devel-linux-x86_64-fedora-gcc