CRAN Package Check Results for Package varband

Last updated on 2020-02-21 22:51:25 CET.

Flavor Version Tinstall Tcheck Ttotal Status Flags
r-devel-linux-x86_64-debian-clang 0.9.0 30.81 56.13 86.94 OK
r-devel-linux-x86_64-debian-gcc 0.9.0 23.34 41.97 65.31 OK
r-devel-linux-x86_64-fedora-clang 0.9.0 119.34 NOTE
r-devel-linux-x86_64-fedora-gcc 0.9.0 112.30 NOTE
r-devel-windows-ix86+x86_64 0.9.0 58.00 109.00 167.00 OK
r-devel-windows-ix86+x86_64-gcc8 0.9.0 93.00 107.00 200.00 OK
r-patched-linux-x86_64 0.9.0 OK
r-patched-solaris-x86 0.9.0 134.60 OK
r-release-linux-x86_64 0.9.0 26.76 52.55 79.31 OK
r-release-windows-ix86+x86_64 0.9.0 54.00 103.00 157.00 OK
r-release-osx-x86_64 0.9.0 OK
r-oldrel-windows-ix86+x86_64 0.9.0 57.00 103.00 160.00 OK
r-oldrel-osx-x86_64 0.9.0 OK

Check Details

Version: 0.9.0
Check: compiled code
Result: NOTE
    File ‘varband/libs/varband.so’:
     Found no calls to: ‘R_registerRoutines’, ‘R_useDynamicSymbols’
    
    It is good practice to register native routines and to disable symbol
    search.
    
    See ‘Writing portable packages’ in the ‘Writing R Extensions’ manual.
Flavors: r-devel-linux-x86_64-fedora-clang, r-devel-linux-x86_64-fedora-gcc