CRAN Package Check Results for Package varbvs

Last updated on 2021-07-29 00:49:31 CEST.

Flavor Version Tinstall Tcheck Ttotal Status Flags
r-devel-linux-x86_64-debian-clang 2.5-16 OK
r-devel-linux-x86_64-debian-gcc 2.5-16 19.96 191.66 211.62 OK
r-devel-linux-x86_64-fedora-clang 2.5-16 331.83 OK
r-devel-linux-x86_64-fedora-gcc 2.5-16 328.72 OK
r-devel-windows-x86_64 2.5-16 27.00 325.00 352.00 OK
r-devel-windows-x86_64-gcc10-UCRT 2.5-16 OK
r-patched-linux-x86_64 2.5-16 24.99 239.44 264.43 OK
r-patched-solaris-x86 2.5-16 684.40 OK
r-release-linux-x86_64 2.5-16 22.81 238.33 261.14 OK
r-release-macos-arm64 2.5-16 WARN
r-release-macos-x86_64 2.5-16 OK
r-release-windows-ix86+x86_64 2.5-16 67.00 417.00 484.00 OK
r-oldrel-macos-x86_64 2.5-16 OK
r-oldrel-windows-ix86+x86_64 2.5-16 48.00 514.00 562.00 OK

Check Details

Version: 2.5-16
Check: re-building of vignette outputs
Result: WARN
    Error(s) in re-building vignettes:
    --- re-building ‘cd.Rmd’ using rmarkdown
    Warning in engine$weave(file, quiet = quiet, encoding = enc) :
     Pandoc (>= 1.12.3) not available. Falling back to R Markdown v1.
    --- finished re-building ‘cd.Rmd’
    
    --- re-building ‘cfw.Rmd’ using rmarkdown
    Warning in engine$weave(file, quiet = quiet, encoding = enc) :
     Pandoc (>= 1.12.3) not available. Falling back to R Markdown v1.
    Using libcurl 7.64.1 with LibreSSL/2.8.3
    --- finished re-building ‘cfw.Rmd’
    
    --- re-building ‘cytokine.Rmd’ using rmarkdown
    Warning in engine$weave(file, quiet = quiet, encoding = enc) :
     Pandoc (>= 1.12.3) not available. Falling back to R Markdown v1.
    --- finished re-building ‘cytokine.Rmd’
    
    --- re-building ‘leukemia.Rmd’ using rmarkdown
    Warning in engine$weave(file, quiet = quiet, encoding = enc) :
     Pandoc (>= 1.12.3) not available. Falling back to R Markdown v1.
    Loading required package: Matrix
    Loaded glmnet 4.1-2
    Quitting from lines 108-183 (leukemia.Rmd)
    Error: processing vignette 'leukemia.Rmd' failed with diagnostics:
    polygon edge not found
    --- failed re-building ‘leukemia.Rmd’
    
    SUMMARY: processing the following file failed:
     ‘leukemia.Rmd’
    
    Error: Vignette re-building failed.
    Execution halted
Flavor: r-release-macos-arm64