CRAN Package Check Results for Package varycoef

Last updated on 2021-10-17 22:48:54 CEST.

Flavor Version Tinstall Tcheck Ttotal Status Flags
r-devel-linux-x86_64-debian-clang 0.3.1 20.64 175.96 196.60 OK
r-devel-linux-x86_64-debian-gcc 0.3.1 15.95 132.80 148.75 OK
r-devel-linux-x86_64-fedora-clang 0.3.1 244.35 NOTE
r-devel-linux-x86_64-fedora-gcc 0.3.1 237.45 NOTE
r-devel-windows-x86_64 0.3.1 27.00 165.00 192.00 OK
r-devel-windows-x86_64-gcc10-UCRT 0.3.1 NOTE
r-patched-linux-x86_64 0.3.1 20.76 166.50 187.26 OK
r-patched-solaris-x86 0.3.1 276.70 NOTE
r-release-linux-x86_64 0.3.1 18.47 167.33 185.80 OK
r-release-macos-arm64 0.3.1 NOTE
r-release-macos-x86_64 0.3.1 NOTE
r-release-windows-ix86+x86_64 0.3.1 41.00 201.00 242.00 OK
r-oldrel-macos-x86_64 0.3.1 NOTE
r-oldrel-windows-ix86+x86_64 0.3.1 41.00 206.00 247.00 OK

Additional issues

M1mac

Check Details

Version: 0.3.1
Check: dependencies in R code
Result: NOTE
    Namespace in Imports field not imported from: ‘sp’
     All declared Imports should be used.
Flavors: r-devel-linux-x86_64-fedora-clang, r-devel-linux-x86_64-fedora-gcc, r-devel-windows-x86_64-gcc10-UCRT, r-patched-solaris-x86, r-release-macos-arm64, r-release-macos-x86_64, r-oldrel-macos-x86_64