CRAN Package Check Results for Package varycoef

Last updated on 2021-07-23 22:53:25 CEST.

Flavor Version Tinstall Tcheck Ttotal Status Flags
r-devel-linux-x86_64-debian-clang 0.3.1 19.40 175.07 194.47 OK
r-devel-linux-x86_64-debian-gcc 0.3.1 0.58 2.48 3.06 ERROR
r-devel-linux-x86_64-fedora-clang 0.3.1 242.62 NOTE
r-devel-linux-x86_64-fedora-gcc 0.3.1 183.99 NOTE
r-devel-windows-x86_64 0.3.1 18.00 150.00 168.00 OK
r-devel-windows-x86_64-gcc10-UCRT 0.3.1 NOTE
r-patched-linux-x86_64 0.3.1 19.06 164.19 183.25 OK
r-patched-solaris-x86 0.3.1 319.50 NOTE
r-release-linux-x86_64 0.3.1 20.13 167.67 187.80 OK
r-release-macos-arm64 0.3.1 NOTE
r-release-macos-x86_64 0.3.1 NOTE
r-release-windows-ix86+x86_64 0.3.1 40.00 182.00 222.00 OK
r-oldrel-macos-x86_64 0.3.1 NOTE
r-oldrel-windows-ix86+x86_64 0.3.1 43.00 191.00 234.00 OK

Check Details

Version: 0.3.1
Check: package dependencies
Result: ERROR
    Packages required but not available:
     'mlr', 'mlrMBO', 'ParamHelpers', 'smoof'
    
    See section ‘The DESCRIPTION file’ in the ‘Writing R Extensions’
    manual.
Flavor: r-devel-linux-x86_64-debian-gcc

Version: 0.3.1
Check: dependencies in R code
Result: NOTE
    Namespace in Imports field not imported from: ‘sp’
     All declared Imports should be used.
Flavors: r-devel-linux-x86_64-fedora-clang, r-devel-linux-x86_64-fedora-gcc, r-devel-windows-x86_64-gcc10-UCRT, r-patched-solaris-x86, r-release-macos-arm64, r-release-macos-x86_64, r-oldrel-macos-x86_64