CRAN Package Check Results for Package vdiffr

Last updated on 2021-09-21 22:52:00 CEST.

Flavor Version Tinstall Tcheck Ttotal Status Flags
r-devel-linux-x86_64-debian-clang 1.0.2 20.03 29.19 49.22 OK
r-devel-linux-x86_64-debian-gcc 1.0.2 11.63 22.13 33.76 OK
r-devel-linux-x86_64-fedora-clang 1.0.2 196.45 OK
r-devel-linux-x86_64-fedora-gcc 1.0.2 55.57 OK
r-devel-windows-x86_64 1.0.2 18.00 41.00 59.00 OK
r-devel-windows-x86_64-gcc10-UCRT 1.0.2 ERROR
r-patched-linux-x86_64 1.0.2 13.12 27.31 40.43 OK
r-patched-solaris-x86 1.0.2 71.30 OK
r-release-linux-x86_64 1.0.2 13.46 27.37 40.83 OK
r-release-macos-arm64 1.0.2 OK
r-release-macos-x86_64 1.0.2 OK
r-release-windows-ix86+x86_64 1.0.2 44.00 53.00 97.00 OK
r-oldrel-macos-x86_64 1.0.2 OK
r-oldrel-windows-ix86+x86_64 1.0.2 48.00 51.00 99.00 OK

Check Details

Version: 1.0.2
Check: whether package can be installed
Result: ERROR
    Installation failed.
Flavor: r-devel-windows-x86_64-gcc10-UCRT