CRAN Package Check Results for Package vegclust

Last updated on 2021-06-18 22:54:49 CEST.

Flavor Version Tinstall Tcheck Ttotal Status Flags
r-devel-linux-x86_64-debian-clang 2.0.0 12.57 123.38 135.95 OK
r-devel-linux-x86_64-debian-gcc 2.0.0 9.78 93.93 103.71 OK
r-devel-linux-x86_64-fedora-clang 2.0.0 169.16 NOTE
r-devel-linux-x86_64-fedora-gcc 2.0.0 156.29 OK
r-devel-windows-x86_64 2.0.0 17.00 109.00 126.00 OK
r-devel-windows-x86_64-gcc10-UCRT 2.0.0 OK
r-patched-linux-x86_64 2.0.0 13.22 117.03 130.25 OK
r-patched-solaris-x86 2.0.0 206.80 OK
r-release-linux-x86_64 2.0.0 11.71 117.82 129.53 OK
r-release-macos-arm64 1.7.7 OK
r-release-macos-x86_64 2.0.0 OK
r-release-windows-ix86+x86_64 2.0.0 24.00 146.00 170.00 OK
r-oldrel-macos-x86_64 2.0.0 OK
r-oldrel-windows-ix86+x86_64 2.0.0 16.00 146.00 162.00 OK

Check Details

Version: 2.0.0
Check: Rd cross-references
Result: NOTE
    Undeclared packages ‘mclust’, ‘e1071’ in Rd xrefs
Flavor: r-devel-linux-x86_64-fedora-clang