CRAN Package Check Results for Package velox

Last updated on 2019-09-22 22:47:01 CEST.

Flavor Version Tinstall Tcheck Ttotal Status Flags
r-devel-linux-x86_64-debian-clang 0.2.0 108.20 100.51 208.71 OK
r-devel-linux-x86_64-debian-gcc 0.2.0 100.81 79.83 180.64 WARN
r-devel-linux-x86_64-fedora-clang 0.2.0 329.90 NOTE
r-devel-linux-x86_64-fedora-gcc 0.2.0 305.55 WARN
r-devel-windows-ix86+x86_64 0.2.0 308.00 170.00 478.00 OK
r-patched-linux-x86_64 0.2.0 106.60 97.08 203.68 WARN
r-patched-solaris-x86 0.2.0 324.80 OK
r-release-linux-x86_64 0.2.0 103.66 100.38 204.04 WARN
r-release-windows-ix86+x86_64 0.2.0 305.00 213.00 518.00 OK
r-release-osx-x86_64 0.2.0 NOTE
r-oldrel-windows-ix86+x86_64 0.2.0 219.00 157.00 376.00 OK
r-oldrel-osx-x86_64 0.2.0 NOTE

Check Details

Version: 0.2.0
Check: whether package can be installed
Result: WARN
    Found the following significant warnings:
     /home/hornik/tmp/R.check/r-devel-gcc/Work/build/Packages/BH/include/boost/geometry/index/detail/varray_detail.hpp:544:13: warning: ‘void* memcpy(void*, const void*, size_t)’ writing to an object of type ‘class boost::geometry::model::segment<boost::geometry::model::d2::point_xy<double> >’ with no trivial copy-assignment; use copy-assignment or copy-initialization instead [-Wclass-memaccess]
     /home/hornik/tmp/R.check/r-devel-gcc/Work/build/Packages/BH/include/boost/geometry/index/detail/varray_detail.hpp:544:13: warning: ‘void* memcpy(void*, const void*, size_t)’ writing to an object of type ‘struct std::pair<boost::geometry::model::box<boost::geometry::model::d2::point_xy<double> >, std::pair<unsigned int, unsigned int> >’ with no trivial copy-assignment; use copy-assignment or copy-initialization instead [-Wclass-memaccess]
     /home/hornik/tmp/R.check/r-devel-gcc/Work/build/Packages/BH/include/boost/geometry/index/detail/varray_detail.hpp:544:13: warning: ‘void* memcpy(void*, const void*, size_t)’ writing to an object of type ‘struct std::pair<boost::geometry::model::d2::point_xy<double>, std::pair<unsigned int, unsigned int> >’ with no trivial copy-assignment; use copy-assignment or copy-initialization instead [-Wclass-memaccess]
     /home/hornik/tmp/R.check/r-devel-gcc/Work/build/Packages/BH/include/boost/geometry/index/detail/varray_detail.hpp:237:13: warning: ‘void* memcpy(void*, const void*, size_t)’ writing to an object of type ‘class boost::geometry::model::segment<boost::geometry::model::d2::point_xy<double> >’ with no trivial copy-assignment; use copy-assignment or copy-initialization instead [-Wclass-memaccess]
     /home/hornik/tmp/R.check/r-devel-gcc/Work/build/Packages/BH/include/boost/geometry/index/detail/varray_detail.hpp:237:13: warning: ‘void* memcpy(void*, const void*, size_t)’ writing to an object of type ‘struct std::pair<boost::geometry::model::box<boost::geometry::model::d2::point_xy<double> >, std::pair<unsigned int, unsigned int> >’ with no trivial copy-assignment; use copy-assignment or copy-initialization instead [-Wclass-memaccess]
     /home/hornik/tmp/R.check/r-devel-gcc/Work/build/Packages/BH/include/boost/geometry/index/detail/varray_detail.hpp:237:13: warning: ‘void* memcpy(void*, const void*, size_t)’ writing to an object of type ‘struct std::pair<boost::geometry::model::d2::point_xy<double>, std::pair<unsigned int, unsigned int> >’ with no trivial copy-assignment; use copy-assignment or copy-initialization instead [-Wclass-memaccess]
Flavor: r-devel-linux-x86_64-debian-gcc

Version: 0.2.0
Check: installed package size
Result: NOTE
     installed size is 15.9Mb
     sub-directories of 1Mb or more:
     libs 15.6Mb
Flavors: r-devel-linux-x86_64-fedora-clang, r-release-osx-x86_64, r-oldrel-osx-x86_64

Version: 0.2.0
Check: whether package can be installed
Result: WARN
    Found the following significant warnings:
     /data/gannet/ripley/R/test-3.7/BH/include/boost/geometry/index/detail/varray_detail.hpp:544:13: warning: ‘void* memcpy(void*, const void*, size_t)’ writing to an object of type ‘class boost::geometry::model::segment<boost::geometry::model::d2::point_xy<double> >’ with no trivial copy-assignment; use copy-assignment or copy-initialization instead [-Wclass-memaccess]
     /data/gannet/ripley/R/test-3.7/BH/include/boost/geometry/index/detail/varray_detail.hpp:544:13: warning: ‘void* memcpy(void*, const void*, size_t)’ writing to an object of type ‘struct std::pair<boost::geometry::model::box<boost::geometry::model::d2::point_xy<double> >, std::pair<unsigned int, unsigned int> >’ with no trivial copy-assignment; use copy-assignment or copy-initialization instead [-Wclass-memaccess]
     /data/gannet/ripley/R/test-3.7/BH/include/boost/geometry/index/detail/varray_detail.hpp:544:13: warning: ‘void* memcpy(void*, const void*, size_t)’ writing to an object of type ‘struct std::pair<boost::geometry::model::d2::point_xy<double>, std::pair<unsigned int, unsigned int> >’ with no trivial copy-assignment; use copy-assignment or copy-initialization instead [-Wclass-memaccess]
     /data/gannet/ripley/R/test-3.7/BH/include/boost/geometry/index/detail/varray_detail.hpp:237:13: warning: ‘void* memcpy(void*, const void*, size_t)’ writing to an object of type ‘class boost::geometry::model::segment<boost::geometry::model::d2::point_xy<double> >’ with no trivial copy-assignment; use copy-assignment or copy-initialization instead [-Wclass-memaccess]
     /data/gannet/ripley/R/test-3.7/BH/include/boost/geometry/index/detail/varray_detail.hpp:237:13: warning: ‘void* memcpy(void*, const void*, size_t)’ writing to an object of type ‘struct std::pair<boost::geometry::model::box<boost::geometry::model::d2::point_xy<double> >, std::pair<unsigned int, unsigned int> >’ with no trivial copy-assignment; use copy-assignment or copy-initialization instead [-Wclass-memaccess]
     /data/gannet/ripley/R/test-3.7/BH/include/boost/geometry/index/detail/varray_detail.hpp:237:13: warning: ‘void* memcpy(void*, const void*, size_t)’ writing to an object of type ‘struct std::pair<boost::geometry::model::d2::point_xy<double>, std::pair<unsigned int, unsigned int> >’ with no trivial copy-assignment; use copy-assignment or copy-initialization instead [-Wclass-memaccess]
Flavor: r-devel-linux-x86_64-fedora-gcc

Version: 0.2.0
Check: whether package can be installed
Result: WARN
    Found the following significant warnings:
     /home/hornik/tmp/R.check/r-patched-gcc/Work/build/Packages/BH/include/boost/geometry/index/detail/varray_detail.hpp:544:13: warning: ‘void* memcpy(void*, const void*, size_t)’ writing to an object of type ‘class boost::geometry::model::segment<boost::geometry::model::d2::point_xy<double> >’ with no trivial copy-assignment; use copy-assignment or copy-initialization instead [-Wclass-memaccess]
     /home/hornik/tmp/R.check/r-patched-gcc/Work/build/Packages/BH/include/boost/geometry/index/detail/varray_detail.hpp:544:13: warning: ‘void* memcpy(void*, const void*, size_t)’ writing to an object of type ‘struct std::pair<boost::geometry::model::box<boost::geometry::model::d2::point_xy<double> >, std::pair<unsigned int, unsigned int> >’ with no trivial copy-assignment; use copy-assignment or copy-initialization instead [-Wclass-memaccess]
     /home/hornik/tmp/R.check/r-patched-gcc/Work/build/Packages/BH/include/boost/geometry/index/detail/varray_detail.hpp:544:13: warning: ‘void* memcpy(void*, const void*, size_t)’ writing to an object of type ‘struct std::pair<boost::geometry::model::d2::point_xy<double>, std::pair<unsigned int, unsigned int> >’ with no trivial copy-assignment; use copy-assignment or copy-initialization instead [-Wclass-memaccess]
     /home/hornik/tmp/R.check/r-patched-gcc/Work/build/Packages/BH/include/boost/geometry/index/detail/varray_detail.hpp:237:13: warning: ‘void* memcpy(void*, const void*, size_t)’ writing to an object of type ‘class boost::geometry::model::segment<boost::geometry::model::d2::point_xy<double> >’ with no trivial copy-assignment; use copy-assignment or copy-initialization instead [-Wclass-memaccess]
     /home/hornik/tmp/R.check/r-patched-gcc/Work/build/Packages/BH/include/boost/geometry/index/detail/varray_detail.hpp:237:13: warning: ‘void* memcpy(void*, const void*, size_t)’ writing to an object of type ‘struct std::pair<boost::geometry::model::box<boost::geometry::model::d2::point_xy<double> >, std::pair<unsigned int, unsigned int> >’ with no trivial copy-assignment; use copy-assignment or copy-initialization instead [-Wclass-memaccess]
     /home/hornik/tmp/R.check/r-patched-gcc/Work/build/Packages/BH/include/boost/geometry/index/detail/varray_detail.hpp:237:13: warning: ‘void* memcpy(void*, const void*, size_t)’ writing to an object of type ‘struct std::pair<boost::geometry::model::d2::point_xy<double>, std::pair<unsigned int, unsigned int> >’ with no trivial copy-assignment; use copy-assignment or copy-initialization instead [-Wclass-memaccess]
Flavor: r-patched-linux-x86_64

Version: 0.2.0
Check: whether package can be installed
Result: WARN
    Found the following significant warnings:
     /home/hornik/tmp/R.check/r-release-gcc/Work/build/Packages/BH/include/boost/geometry/index/detail/varray_detail.hpp:544:13: warning: ‘void* memcpy(void*, const void*, size_t)’ writing to an object of type ‘class boost::geometry::model::segment<boost::geometry::model::d2::point_xy<double> >’ with no trivial copy-assignment; use copy-assignment or copy-initialization instead [-Wclass-memaccess]
     /home/hornik/tmp/R.check/r-release-gcc/Work/build/Packages/BH/include/boost/geometry/index/detail/varray_detail.hpp:544:13: warning: ‘void* memcpy(void*, const void*, size_t)’ writing to an object of type ‘struct std::pair<boost::geometry::model::box<boost::geometry::model::d2::point_xy<double> >, std::pair<unsigned int, unsigned int> >’ with no trivial copy-assignment; use copy-assignment or copy-initialization instead [-Wclass-memaccess]
     /home/hornik/tmp/R.check/r-release-gcc/Work/build/Packages/BH/include/boost/geometry/index/detail/varray_detail.hpp:544:13: warning: ‘void* memcpy(void*, const void*, size_t)’ writing to an object of type ‘struct std::pair<boost::geometry::model::d2::point_xy<double>, std::pair<unsigned int, unsigned int> >’ with no trivial copy-assignment; use copy-assignment or copy-initialization instead [-Wclass-memaccess]
     /home/hornik/tmp/R.check/r-release-gcc/Work/build/Packages/BH/include/boost/geometry/index/detail/varray_detail.hpp:237:13: warning: ‘void* memcpy(void*, const void*, size_t)’ writing to an object of type ‘class boost::geometry::model::segment<boost::geometry::model::d2::point_xy<double> >’ with no trivial copy-assignment; use copy-assignment or copy-initialization instead [-Wclass-memaccess]
     /home/hornik/tmp/R.check/r-release-gcc/Work/build/Packages/BH/include/boost/geometry/index/detail/varray_detail.hpp:237:13: warning: ‘void* memcpy(void*, const void*, size_t)’ writing to an object of type ‘struct std::pair<boost::geometry::model::box<boost::geometry::model::d2::point_xy<double> >, std::pair<unsigned int, unsigned int> >’ with no trivial copy-assignment; use copy-assignment or copy-initialization instead [-Wclass-memaccess]
     /home/hornik/tmp/R.check/r-release-gcc/Work/build/Packages/BH/include/boost/geometry/index/detail/varray_detail.hpp:237:13: warning: ‘void* memcpy(void*, const void*, size_t)’ writing to an object of type ‘struct std::pair<boost::geometry::model::d2::point_xy<double>, std::pair<unsigned int, unsigned int> >’ with no trivial copy-assignment; use copy-assignment or copy-initialization instead [-Wclass-memaccess]
Flavor: r-release-linux-x86_64