Last updated on 2024-04-25 22:49:26 CEST.
Flavor | Version | Tinstall | Tcheck | Ttotal | Status | Flags |
---|---|---|---|---|---|---|
r-devel-linux-x86_64-debian-clang | 0.2.1 | 5.33 | 49.31 | 54.64 | NOTE | |
r-devel-linux-x86_64-debian-gcc | 0.2.1 | 3.88 | 36.81 | 40.69 | NOTE | |
r-devel-linux-x86_64-fedora-clang | 0.2.1 | 67.75 | NOTE | |||
r-devel-linux-x86_64-fedora-gcc | 0.2.1 | 63.34 | NOTE | |||
r-devel-windows-x86_64 | 0.2.1 | 5.00 | 59.00 | 64.00 | NOTE | |
r-patched-linux-x86_64 | 0.2.1 | 7.00 | 45.80 | 52.80 | NOTE | |
r-release-linux-x86_64 | 0.2.1 | 5.61 | 46.86 | 52.47 | NOTE | |
r-release-macos-arm64 | 0.2.1 | 21.00 | NOTE | |||
r-release-windows-x86_64 | 0.2.1 | 5.00 | 56.00 | 61.00 | NOTE | |
r-oldrel-macos-arm64 | 0.2.1 | 26.00 | NOTE | |||
r-oldrel-macos-x86_64 | 0.2.1 | 35.00 | NOTE | |||
r-oldrel-windows-x86_64 | 0.2.1 | 8.00 | 62.00 | 70.00 | NOTE |
Version: 0.2.1
Check: LazyData
Result: NOTE
'LazyData' is specified without a 'data' directory
Flavors: r-devel-linux-x86_64-debian-clang, r-devel-linux-x86_64-debian-gcc, r-devel-linux-x86_64-fedora-clang, r-devel-linux-x86_64-fedora-gcc, r-devel-windows-x86_64, r-patched-linux-x86_64, r-release-linux-x86_64, r-release-macos-arm64, r-release-windows-x86_64, r-oldrel-macos-arm64, r-oldrel-macos-x86_64, r-oldrel-windows-x86_64