Last updated on 2023-04-01 22:54:00 CEST.
Flavor | Version | Tinstall | Tcheck | Ttotal | Status | Flags |
---|---|---|---|---|---|---|
r-devel-linux-x86_64-debian-clang | 0.3.0 | 5.81 | 45.62 | 51.43 | OK | |
r-devel-linux-x86_64-debian-gcc | 0.3.0 | 4.41 | 34.71 | 39.12 | OK | |
r-devel-linux-x86_64-fedora-clang | 0.3.0 | 62.25 | NOTE | |||
r-devel-linux-x86_64-fedora-gcc | 0.3.0 | 58.54 | NOTE | |||
r-patched-linux-x86_64 | 0.3.0 | 5.61 | 43.00 | 48.61 | OK | |
r-release-linux-x86_64 | 0.3.0 | 3.99 | 45.45 | 49.44 | OK | |
r-release-macos-arm64 | 0.3.0 | 23.00 | NOTE | |||
r-release-macos-x86_64 | 0.3.0 | 34.00 | NOTE | |||
r-release-windows-x86_64 | 0.3.0 | 11.00 | 79.00 | 90.00 | OK | |
r-oldrel-macos-arm64 | 0.3.0 | 26.00 | NOTE | |||
r-oldrel-macos-x86_64 | 0.3.0 | 36.00 | NOTE | |||
r-oldrel-windows-ix86+x86_64 | 0.3.0 | 13.00 | 71.00 | 84.00 | NOTE |
Version: 0.3.0
Check: data for non-ASCII characters
Result: NOTE
Note: found 2 marked UTF-8 strings
Flavors: r-devel-linux-x86_64-fedora-clang, r-devel-linux-x86_64-fedora-gcc, r-release-macos-arm64, r-release-macos-x86_64, r-oldrel-macos-arm64, r-oldrel-macos-x86_64
Version: 0.3.0
Check: dependencies in R code
Result: NOTE
Initiating curl with CURL_SSL_BACKEND: openssl
Flavor: r-oldrel-windows-ix86+x86_64