CRAN Package Check Results for Package vines

Last updated on 2021-12-07 22:59:47 CET.

Flavor Version Tinstall Tcheck Ttotal Status Flags
r-devel-linux-x86_64-debian-clang 1.1.5 14.98 110.40 125.38 OK
r-devel-linux-x86_64-debian-gcc 1.1.5 11.23 85.75 96.98 OK
r-devel-linux-x86_64-fedora-clang 1.1.5 163.09 NOTE
r-devel-linux-x86_64-fedora-gcc 1.1.5 140.10 NOTE
r-devel-windows-x86_64-new-UL 1.1.5 33.00 151.00 184.00 OK
r-devel-windows-x86_64-new-TK 1.1.5 OK
r-devel-windows-x86_64-old 1.1.5 26.00 95.00 121.00 OK
r-patched-linux-x86_64 1.1.5 17.70 105.82 123.52 OK
r-release-linux-x86_64 1.1.5 14.54 106.31 120.85 OK
r-release-macos-arm64 1.1.5 OK
r-release-macos-x86_64 1.1.5 OK
r-release-windows-ix86+x86_64 1.1.5 23.00 183.00 206.00 OK
r-oldrel-macos-x86_64 1.1.5 OK
r-oldrel-windows-ix86+x86_64 1.1.5 33.00 179.00 212.00 OK

Check Details

Version: 1.1.5
Check: compiled code
Result: NOTE
    File ‘vines/libs/vines.so’:
     Found no call to: ‘R_useDynamicSymbols’
    
    It is good practice to register native routines and to disable symbol
    search.
    
    See ‘Writing portable packages’ in the ‘Writing R Extensions’ manual.
Flavors: r-devel-linux-x86_64-fedora-clang, r-devel-linux-x86_64-fedora-gcc