CRAN Package Check Results for Package viridis

Last updated on 2019-08-25 22:47:16 CEST.

Flavor Version Tinstall Tcheck Ttotal Status Flags
r-devel-linux-x86_64-debian-clang 0.5.1 3.51 53.13 56.64 OK
r-devel-linux-x86_64-debian-gcc 0.5.1 2.85 41.33 44.18 OK
r-devel-linux-x86_64-fedora-clang 0.5.1 66.96 NOTE
r-devel-linux-x86_64-fedora-gcc 0.5.1 72.49 NOTE
r-devel-windows-ix86+x86_64 0.5.1 21.00 72.00 93.00 OK --no-vignettes
r-patched-linux-x86_64 0.5.1 3.51 51.72 55.23 OK
r-patched-solaris-x86 0.5.1 102.70 NOTE
r-release-linux-x86_64 0.5.1 3.16 51.37 54.53 OK
r-release-windows-ix86+x86_64 0.5.1 16.00 79.00 95.00 OK --no-vignettes
r-release-osx-x86_64 0.5.1 NOTE
r-oldrel-windows-ix86+x86_64 0.5.1 10.00 69.00 79.00 OK --no-vignettes
r-oldrel-osx-x86_64 0.5.1 NOTE

Check Details

Version: 0.5.1
Check: dependencies in R code
Result: NOTE
    Namespace in Imports field not imported from: ‘stats’
     All declared Imports should be used.
Flavors: r-devel-linux-x86_64-fedora-clang, r-devel-linux-x86_64-fedora-gcc, r-patched-solaris-x86, r-release-osx-x86_64, r-oldrel-osx-x86_64