CRAN Package Check Results for Package viridis

Last updated on 2021-12-04 22:59:51 CET.

Flavor Version Tinstall Tcheck Ttotal Status Flags
r-devel-linux-x86_64-debian-clang 0.6.2 4.84 81.72 86.56 OK
r-devel-linux-x86_64-debian-gcc 0.6.2 3.55 61.82 65.37 OK
r-devel-linux-x86_64-fedora-clang 0.6.2 108.62 NOTE
r-devel-linux-x86_64-fedora-gcc 0.6.2 90.47 NOTE
r-devel-windows-x86_64-new-UL 0.6.2 12.00 89.00 101.00 OK --no-vignettes
r-devel-windows-x86_64-new-TK 0.6.2 NOTE
r-devel-windows-x86_64-old 0.6.2 11.00 53.00 64.00 OK --no-vignettes
r-patched-linux-x86_64 0.6.2 4.49 66.72 71.21 OK
r-release-linux-x86_64 0.6.2 4.41 67.50 71.91 OK
r-release-macos-arm64 0.6.2 NOTE
r-release-macos-x86_64 0.6.2 NOTE
r-release-windows-ix86+x86_64 0.6.2 14.00 51.00 65.00 OK --no-vignettes
r-oldrel-macos-x86_64 0.6.2 NOTE
r-oldrel-windows-ix86+x86_64 0.6.2 13.00 64.00 77.00 OK --no-vignettes

Check Details

Version: 0.6.2
Check: dependencies in R code
Result: NOTE
    Namespace in Imports field not imported from: ‘stats’
     All declared Imports should be used.
Flavors: r-devel-linux-x86_64-fedora-clang, r-devel-linux-x86_64-fedora-gcc, r-devel-windows-x86_64-new-TK, r-release-macos-arm64, r-release-macos-x86_64, r-oldrel-macos-x86_64