CRAN Package Check Results for Package virtualPollen

Last updated on 2024-02-28 22:59:36 CET.

Flavor Version Tinstall Tcheck Ttotal Status Flags
r-devel-linux-x86_64-debian-clang 1.0.1 13.87 559.22 573.09 NOTE
r-devel-linux-x86_64-debian-gcc 1.0.1 11.44 417.25 428.69 NOTE
r-devel-linux-x86_64-fedora-clang 1.0.1 683.40 NOTE
r-devel-linux-x86_64-fedora-gcc 1.0.1 648.97 NOTE
r-devel-windows-x86_64 1.0.1 13.00 541.00 554.00 OK
r-patched-linux-x86_64 1.0.1 18.97 563.11 582.08 OK
r-release-linux-x86_64 1.0.1 8.72 555.91 564.63 OK
r-release-macos-arm64 1.0.1 278.00 OK
r-release-macos-x86_64 1.0.1 407.00 OK
r-release-windows-x86_64 1.0.1 16.00 531.00 547.00 OK
r-oldrel-macos-arm64 1.0.1 246.00 OK
r-oldrel-windows-x86_64 1.0.1 16.00 518.00 534.00 OK

Check Details

Version: 1.0.1
Check: Rd files
Result: NOTE checkRd: (-1) simulatePopulation.Rd:75: Lost braces; missing escapes or markup? 75 | \item \strong{Pollen productivity}: In each time step the model computes the pollen productivity (in relative values) of the population using the equation \eqn{P_{t} = \sum x_{it} \times max(S_{t}, B)}, where \emph{t} is time (a given simulation time step), \emph{P} is the pollen productivity of the population at a given time, \emph{x_{i}} represents the biomass of every adult individual, \emph{S} is the environmental suitability at the given time, \emph{B} is the contribution of biomass to pollen productivity regardless of environmental suitability (\emph{pollen.control} parameter in the simulation, 0 by default). If \emph{B} equals 1, \emph{P} is equal to the total biomass sum of the adult population, regardless of the environmental suitability. If \emph{B} equals 0, pollen productivity depends entirely on environmental suitability values. | ^ Flavors: r-devel-linux-x86_64-debian-clang, r-devel-linux-x86_64-debian-gcc, r-devel-linux-x86_64-fedora-clang, r-devel-linux-x86_64-fedora-gcc