Last updated on 2024-04-18 22:53:05 CEST.
Flavor | Version | Tinstall | Tcheck | Ttotal | Status | Flags |
---|---|---|---|---|---|---|
r-devel-linux-x86_64-debian-clang | 1.2.4 | 10.00 | 108.18 | 118.18 | OK | |
r-devel-linux-x86_64-debian-gcc | 1.2.4 | 5.64 | 79.89 | 85.53 | OK | |
r-devel-linux-x86_64-fedora-clang | 1.2.4 | 147.96 | NOTE | |||
r-devel-linux-x86_64-fedora-gcc | 1.2.4 | 148.05 | OK | |||
r-prerel-macos-arm64 | 1.2.4 | 52.00 | NOTE | |||
r-prerel-windows-x86_64 | 1.2.4 | 9.00 | 95.00 | 104.00 | NOTE | |
r-patched-linux-x86_64 | 1.2.4 | 8.17 | 103.66 | 111.83 | OK | |
r-release-linux-x86_64 | 1.2.4 | 4.98 | 100.54 | 105.52 | OK | |
r-release-macos-arm64 | 1.2.4 | 53.00 | NOTE | |||
r-release-macos-x86_64 | 1.2.4 | 86.00 | NOTE | |||
r-release-windows-x86_64 | 1.2.4 | 10.00 | 112.00 | 122.00 | NOTE | |
r-oldrel-macos-arm64 | 1.2.4 | 57.00 | NOTE | |||
r-oldrel-windows-x86_64 | 1.2.4 | 10.00 | 119.00 | 129.00 | NOTE |
Version: 1.2.4
Check: installed package size
Result: NOTE
installed size is 5.9Mb
sub-directories of 1Mb or more:
doc 5.5Mb
Flavors: r-devel-linux-x86_64-fedora-clang, r-prerel-macos-arm64, r-prerel-windows-x86_64, r-release-macos-arm64, r-release-macos-x86_64, r-release-windows-x86_64, r-oldrel-macos-arm64, r-oldrel-windows-x86_64