CRAN Package Check Results for Package voiceR

Last updated on 2024-04-14 22:54:34 CEST.

Flavor Version Tinstall Tcheck Ttotal Status Flags
r-devel-linux-x86_64-debian-clang 0.1.0 34.26 234.04 268.30 OK
r-devel-linux-x86_64-debian-gcc 0.1.0 30.55 167.78 198.33 OK
r-devel-linux-x86_64-fedora-clang 0.1.0 223.47 NOTE
r-devel-linux-x86_64-fedora-gcc 0.1.0 199.25 OK
r-devel-windows-x86_64 0.1.0 35.00 175.00 210.00 OK
r-patched-linux-x86_64 0.1.0 33.74 223.31 257.05 OK
r-release-linux-x86_64 0.1.0 37.40 221.78 259.18 OK
r-release-macos-arm64 0.1.0 107.00 OK
r-release-macos-x86_64 0.1.0 173.00 OK
r-release-windows-x86_64 0.1.0 45.00 216.00 261.00 OK
r-oldrel-macos-arm64 0.1.0 128.00 OK
r-oldrel-windows-x86_64 0.1.0 44.00 224.00 268.00 OK

Check Details

Version: 0.1.0
Check: package dependencies
Result: NOTE Imports includes 25 non-default packages. Importing from so many packages makes the package vulnerable to any of them becoming unavailable. Move as many as possible to Suggests and use conditionally. Flavor: r-devel-linux-x86_64-fedora-clang