Last updated on 2023-10-02 22:08:15 CEST.
Flavor | Version | Tinstall | Tcheck | Ttotal | Status | Flags |
---|---|---|---|---|---|---|
r-devel-linux-x86_64-debian-clang | 0.2.0 | 32.55 | 501.89 | 534.44 | NOTE | |
r-devel-linux-x86_64-debian-gcc | 0.2.0 | 25.55 | 361.56 | 387.11 | NOTE | |
r-devel-linux-x86_64-fedora-clang | 0.2.0 | 635.25 | NOTE | |||
r-devel-linux-x86_64-fedora-gcc | 0.2.0 | 636.92 | NOTE | |||
r-devel-windows-x86_64 | 0.2.0 | 26.00 | 333.00 | 359.00 | NOTE | |
r-patched-linux-x86_64 | 0.2.0 | 30.10 | 480.17 | 510.27 | OK | |
r-release-linux-x86_64 | 0.2.0 | 28.10 | 481.38 | 509.48 | OK | |
r-release-macos-arm64 | 0.2.0 | 170.00 | OK | |||
r-release-macos-x86_64 | 0.2.0 | 479.00 | OK | |||
r-release-windows-x86_64 | 0.2.0 | 36.00 | 439.00 | 475.00 | OK | |
r-oldrel-macos-arm64 | 0.2.0 | 145.00 | OK | |||
r-oldrel-macos-x86_64 | 0.2.0 | 223.00 | OK | |||
r-oldrel-windows-x86_64 | 0.2.0 | 37.00 | 428.00 | 465.00 | OK |
Version: 0.2.0
Check: Rd \usage sections
Result: NOTE
Documented arguments not in \usage in documentation object 'blendColor':
‘color’ ‘percent’
Functions with \usage entries need to have the appropriate \alias
entries, and all their arguments documented.
The \usage entries must correspond to syntactically valid R code.
See chapter ‘Writing R documentation files’ in the ‘Writing R
Extensions’ manual.
Flavors: r-devel-linux-x86_64-debian-clang, r-devel-linux-x86_64-debian-gcc, r-devel-linux-x86_64-fedora-clang, r-devel-linux-x86_64-fedora-gcc, r-devel-windows-x86_64