CRAN Package Check Results for Package voson.tcn

Last updated on 2024-06-13 22:49:49 CEST.

Flavor Version Tinstall Tcheck Ttotal Status Flags
r-devel-linux-x86_64-debian-clang 0.5.0 2.73 31.08 33.81 OK
r-devel-linux-x86_64-debian-gcc 0.5.0 0.36 1.54 1.90 ERROR
r-devel-linux-x86_64-fedora-clang 0.5.0 44.68 OK
r-devel-linux-x86_64-fedora-gcc 0.5.0 42.18 OK
r-devel-windows-x86_64 0.5.0 4.00 44.00 48.00 OK
r-patched-linux-x86_64 0.5.0 3.11 30.12 33.23 OK
r-release-linux-x86_64 0.5.0 2.29 30.90 33.19 OK
r-release-macos-arm64 0.5.0 17.00 OK
r-release-macos-x86_64 0.5.0 25.00 OK
r-release-windows-x86_64 0.5.0 6.00 50.00 56.00 OK
r-oldrel-macos-arm64 0.5.0 20.00 OK
r-oldrel-macos-x86_64 0.5.0 26.00 OK
r-oldrel-windows-x86_64 0.5.0 6.00 48.00 54.00 OK

Check Details

Version: 0.5.0
Check: package dependencies
Result: ERROR Packages required but not available: 'dplyr', 'progress', 'stringr', 'tibble', 'tidyr' See section ‘The DESCRIPTION file’ in the ‘Writing R Extensions’ manual. Flavor: r-devel-linux-x86_64-debian-gcc