CRAN Package Check Results for Package vroom

Last updated on 2021-10-21 22:50:55 CEST.

Flavor Version Tinstall Tcheck Ttotal Status Flags
r-devel-linux-x86_64-debian-clang 1.5.5 118.65 95.01 213.66 OK
r-devel-linux-x86_64-debian-gcc 1.5.5 98.21 71.39 169.60 OK
r-devel-linux-x86_64-fedora-clang 1.5.5 282.53 NOTE
r-devel-linux-x86_64-fedora-gcc 1.5.5 294.98 OK
r-devel-windows-x86_64 1.5.5 172.00 112.00 284.00 OK
r-devel-windows-x86_64-gcc10-UCRT 1.5.5 OK
r-patched-linux-x86_64 1.5.5 118.10 90.93 209.03 OK
r-patched-solaris-x86 1.5.5 258.00 NOTE
r-release-linux-x86_64 1.5.5 119.74 91.26 211.00 OK
r-release-macos-arm64 1.5.5 NOTE
r-release-macos-x86_64 1.5.5 NOTE
r-release-windows-ix86+x86_64 1.5.5 254.00 204.00 458.00 OK
r-oldrel-macos-x86_64 1.5.5 NOTE
r-oldrel-windows-ix86+x86_64 1.5.5 332.00 188.00 520.00 OK

Check Details

Version: 1.5.5
Check: installed package size
Result: NOTE
     installed size is 9.7Mb
     sub-directories of 1Mb or more:
     libs 8.2Mb
Flavors: r-devel-linux-x86_64-fedora-clang, r-release-macos-arm64, r-release-macos-x86_64, r-oldrel-macos-x86_64

Version: 1.5.5
Check: Rd cross-references
Result: NOTE
    Undeclared package ‘readr’ in Rd xrefs
Flavor: r-devel-linux-x86_64-fedora-clang

Version: 1.5.5
Check: package dependencies
Result: NOTE
    Package suggested but not available for checking: ‘archive’
Flavor: r-patched-solaris-x86