CRAN Package Check Results for Package vsd

Last updated on 2021-11-27 22:57:14 CET.

Flavor Version Tinstall Tcheck Ttotal Status Flags
r-devel-linux-x86_64-debian-clang 0.1.0 OK
r-devel-linux-x86_64-debian-gcc 0.1.0 7.36 64.47 71.83 OK
r-devel-linux-x86_64-fedora-clang 0.1.0 124.41 NOTE
r-devel-linux-x86_64-fedora-gcc 0.1.0 111.76 NOTE
r-devel-windows-x86_64-new-UL 0.1.0 19.00 119.00 138.00 OK
r-devel-windows-x86_64-new-TK 0.1.0 NOTE
r-devel-windows-x86_64-old 0.1.0 15.00 115.00 130.00 OK
r-patched-linux-x86_64 0.1.0 15.37 79.86 95.23 OK
r-patched-solaris-x86 0.1.0 163.10 NOTE
r-release-linux-x86_64 0.1.0 OK
r-release-macos-arm64 0.1.0 NOTE
r-release-macos-x86_64 0.1.0 NOTE
r-release-windows-ix86+x86_64 0.1.0 26.00 75.00 101.00 OK
r-oldrel-macos-x86_64 0.1.0 NOTE
r-oldrel-windows-ix86+x86_64 0.1.0 24.00 111.00 135.00 OK

Check Details

Version: 0.1.0
Check: dependencies in R code
Result: NOTE
    Namespace in Imports field not imported from: ‘flexsurv’
     All declared Imports should be used.
Flavors: r-devel-linux-x86_64-fedora-clang, r-devel-linux-x86_64-fedora-gcc, r-devel-windows-x86_64-new-TK, r-patched-solaris-x86, r-release-macos-arm64, r-release-macos-x86_64, r-oldrel-macos-x86_64