CRAN Package Check Results for Package wTO

Last updated on 2021-12-03 22:58:01 CET.

Flavor Version Tinstall Tcheck Ttotal Status Flags
r-devel-linux-x86_64-debian-clang 1.6.3 6.18 64.60 70.78 NOTE
r-devel-linux-x86_64-debian-gcc 1.6.3 3.73 48.72 52.45 NOTE
r-devel-linux-x86_64-fedora-clang 1.6.3 97.29 NOTE
r-devel-linux-x86_64-fedora-gcc 1.6.3 80.80 NOTE
r-devel-windows-x86_64-new-UL 1.6.3 14.00 105.00 119.00 NOTE
r-devel-windows-x86_64-new-TK 1.6.3 NOTE
r-devel-windows-x86_64-old 1.6.3 10.00 68.00 78.00 NOTE
r-patched-linux-x86_64 1.6.3 5.12 60.24 65.36 NOTE
r-release-linux-x86_64 1.6.3 4.79 58.43 63.22 NOTE
r-release-macos-arm64 1.6.3 NOTE
r-release-macos-x86_64 1.6.3 NOTE
r-release-windows-ix86+x86_64 1.6.3 12.00 94.00 106.00 NOTE
r-oldrel-macos-x86_64 1.6.3 NOTE
r-oldrel-windows-ix86+x86_64 1.6.3 12.00 84.00 96.00 NOTE

Check Details

Version: 1.6.3
Check: package vignettes
Result: NOTE
    Package vignette with placeholder title 'Vignette Title':
     'wTOvignette.Rmd'
Flavors: r-devel-linux-x86_64-debian-clang, r-devel-linux-x86_64-debian-gcc, r-devel-windows-x86_64-new-UL, r-devel-windows-x86_64-old, r-patched-linux-x86_64, r-release-linux-x86_64, r-release-windows-ix86+x86_64, r-oldrel-windows-ix86+x86_64

Version: 1.6.3
Check: dependencies in R code
Result: NOTE
    Namespace in Imports field not imported from: ‘shiny’
     All declared Imports should be used.
Flavors: r-devel-linux-x86_64-fedora-clang, r-devel-linux-x86_64-fedora-gcc, r-devel-windows-x86_64-new-TK, r-release-macos-arm64, r-release-macos-x86_64, r-oldrel-macos-x86_64