Last updated on 2023-09-28 23:09:02 CEST.
Flavor | Version | Tinstall | Tcheck | Ttotal | Status | Flags |
---|---|---|---|---|---|---|
r-devel-linux-x86_64-debian-clang | 0.7.0 | 5.15 | 48.49 | 53.64 | NOTE | |
r-devel-linux-x86_64-debian-gcc | 0.7.0 | 4.43 | 36.56 | 40.99 | NOTE | |
r-devel-linux-x86_64-fedora-clang | 0.7.0 | 64.71 | NOTE | |||
r-devel-linux-x86_64-fedora-gcc | 0.7.0 | 63.59 | NOTE | |||
r-devel-windows-x86_64 | 0.7.0 | 7.00 | 57.00 | 64.00 | NOTE | |
r-patched-linux-x86_64 | 0.7.0 | 5.66 | 46.44 | 52.10 | NOTE | |
r-release-linux-x86_64 | 0.7.0 | 5.85 | 45.52 | 51.37 | NOTE | |
r-release-macos-arm64 | 0.7.0 | 25.00 | NOTE | |||
r-release-macos-x86_64 | 0.7.0 | 35.00 | NOTE | |||
r-release-windows-x86_64 | 0.7.0 | 9.00 | 63.00 | 72.00 | NOTE | |
r-oldrel-macos-arm64 | 0.7.0 | 25.00 | OK | |||
r-oldrel-macos-x86_64 | 0.7.0 | 44.00 | OK | |||
r-oldrel-windows-x86_64 | 0.7.0 | 9.00 | 67.00 | 76.00 | OK |
Version: 0.7.0
Check: package subdirectories
Result: NOTE
Problems with news in ‘NEWS.md’:
No news entries found.
Flavors: r-devel-linux-x86_64-debian-clang, r-devel-linux-x86_64-debian-gcc, r-devel-linux-x86_64-fedora-clang, r-devel-linux-x86_64-fedora-gcc, r-devel-windows-x86_64, r-patched-linux-x86_64, r-release-linux-x86_64, r-release-macos-arm64, r-release-macos-x86_64, r-release-windows-x86_64