Last updated on 2022-08-11 23:00:17 CEST.
Flavor | Version | Tinstall | Tcheck | Ttotal | Status | Flags |
---|---|---|---|---|---|---|
r-devel-linux-x86_64-debian-clang | 0.2.5 | 10.06 | 49.28 | 59.34 | OK | |
r-devel-linux-x86_64-debian-gcc | 0.2.5 | 6.44 | 37.32 | 43.76 | OK | |
r-devel-linux-x86_64-fedora-clang | 0.2.5 | 80.65 | NOTE | |||
r-devel-linux-x86_64-fedora-gcc | 0.2.5 | 79.08 | NOTE | |||
r-devel-windows-x86_64 | 0.2.5 | 32.00 | 82.00 | 114.00 | OK | |
r-patched-linux-x86_64 | 0.2.5 | 10.40 | 46.79 | 57.19 | OK | |
r-release-linux-x86_64 | 0.2.5 | 8.21 | 47.15 | 55.36 | OK | |
r-release-macos-arm64 | 0.2.5 | 25.00 | NOTE | |||
r-release-macos-x86_64 | 0.2.5 | 34.00 | NOTE | |||
r-release-windows-x86_64 | 0.2.5 | 34.00 | 91.00 | 125.00 | OK | |
r-oldrel-macos-arm64 | 0.2.5 | 22.00 | NOTE | |||
r-oldrel-macos-x86_64 | 0.2.5 | 37.00 | NOTE | |||
r-oldrel-windows-ix86+x86_64 | 0.2.5 | 18.00 | 70.00 | 88.00 | OK |
Version: 0.2.5
Check: dependencies in R code
Result: NOTE
Namespace in Imports field not imported from: ‘R6’
All declared Imports should be used.
Flavors: r-devel-linux-x86_64-fedora-clang, r-devel-linux-x86_64-fedora-gcc, r-release-macos-arm64, r-release-macos-x86_64, r-oldrel-macos-arm64, r-oldrel-macos-x86_64