CRAN Package Check Results for Package wal

Last updated on 2021-10-21 22:50:55 CEST.

Flavor Version Tinstall Tcheck Ttotal Status Flags
r-devel-linux-x86_64-debian-clang 0.1.0 3.97 58.97 62.94 NOTE
r-devel-linux-x86_64-debian-gcc 0.1.0 3.61 43.67 47.28 NOTE
r-devel-linux-x86_64-fedora-clang 0.1.0 86.00 NOTE
r-devel-linux-x86_64-fedora-gcc 0.1.0 75.68 NOTE
r-devel-windows-x86_64 0.1.0 8.00 69.00 77.00 NOTE
r-devel-windows-x86_64-gcc10-UCRT 0.1.0 ERROR
r-patched-linux-x86_64 0.1.0 5.51 57.76 63.27 NOTE
r-patched-solaris-x86 0.1.0 108.90 NOTE
r-release-linux-x86_64 0.1.0 4.08 57.11 61.19 NOTE
r-release-macos-arm64 0.1.0 NOTE
r-release-macos-x86_64 0.1.0 NOTE
r-release-windows-ix86+x86_64 0.1.0 7.00 80.00 87.00 NOTE
r-oldrel-macos-x86_64 0.1.0 OK
r-oldrel-windows-ix86+x86_64 0.1.0 9.00 82.00 91.00 OK

Check Details

Version: 0.1.0
Check: LazyData
Result: NOTE
     'LazyData' is specified without a 'data' directory
Flavors: r-devel-linux-x86_64-debian-clang, r-devel-linux-x86_64-debian-gcc, r-devel-linux-x86_64-fedora-clang, r-devel-linux-x86_64-fedora-gcc, r-devel-windows-x86_64, r-patched-linux-x86_64, r-patched-solaris-x86, r-release-linux-x86_64, r-release-macos-arm64, r-release-macos-x86_64, r-release-windows-ix86+x86_64

Version: 0.1.0
Check: package dependencies
Result: ERROR
    Package required but not available: 'imager'
    
    See section 'The DESCRIPTION file' in the 'Writing R Extensions'
    manual.
Flavor: r-devel-windows-x86_64-gcc10-UCRT