CRAN Package Check Results for Package walkr

Last updated on 2019-09-18 22:52:53 CEST.

Flavor Version Tinstall Tcheck Ttotal Status Flags
r-devel-linux-x86_64-debian-clang 0.4.0 26.13 67.41 93.54 OK
r-devel-linux-x86_64-debian-gcc 0.4.0 24.00 51.56 75.56 OK
r-devel-linux-x86_64-fedora-clang 0.4.0 130.56 OK
r-devel-linux-x86_64-fedora-gcc 0.4.0 123.20 OK
r-devel-windows-ix86+x86_64 0.4.0 112.00 141.00 253.00 OK
r-patched-linux-x86_64 0.4.0 26.15 64.73 90.88 OK
r-patched-solaris-x86 0.4.0 185.40 OK
r-release-linux-x86_64 0.4.0 29.43 66.60 96.03 OK
r-release-windows-ix86+x86_64 0.4.0 57.00 135.00 192.00 OK
r-release-osx-x86_64 0.4.0 NOTE
r-oldrel-windows-ix86+x86_64 0.4.0 55.00 127.00 182.00 OK
r-oldrel-osx-x86_64 0.4.0 NOTE

Check Details

Version: 0.4.0
Check: installed package size
Result: NOTE
     installed size is 5.3Mb
     sub-directories of 1Mb or more:
     libs 5.1Mb
Flavors: r-release-osx-x86_64, r-oldrel-osx-x86_64