CRAN Package Check Results for Package wallace

Last updated on 2018-09-19 22:50:08 CEST.

Flavor Version Tinstall Tcheck Ttotal Status Flags
r-devel-linux-x86_64-debian-clang 1.0.5 2.26 29.90 32.16 WARN
r-devel-linux-x86_64-debian-gcc 1.0.5 1.82 24.10 25.92 WARN
r-devel-linux-x86_64-fedora-clang 1.0.5 40.23 NOTE
r-devel-linux-x86_64-fedora-gcc 1.0.5 36.33 NOTE
r-devel-windows-ix86+x86_64 1.0.5 7.00 43.00 50.00 OK
r-patched-linux-x86_64 1.0.5 2.11 25.68 27.79 OK
r-patched-solaris-x86 1.0.5 52.20 NOTE
r-release-linux-x86_64 1.0.5 2.07 25.29 27.36 OK
r-release-windows-ix86+x86_64 1.0.5 11.00 58.00 69.00 OK
r-release-osx-x86_64 1.0.5 NOTE
r-oldrel-windows-ix86+x86_64 1.0.5 6.00 40.00 46.00 OK
r-oldrel-osx-x86_64 1.0.5 NOTE

Check Details

Version: 1.0.5
Check: for unstated dependencies in ‘tests’
Result: WARN
    'library' or 'require' call not declared from: ‘RSelenium’
Flavors: r-devel-linux-x86_64-debian-clang, r-devel-linux-x86_64-debian-gcc

Version: 1.0.5
Check: dependencies in R code
Result: NOTE
    Namespaces in Imports field not imported from:
     ‘DT’ ‘ENMeval’ ‘RColorBrewer’ ‘XML’ ‘dismo’ ‘dplyr’ ‘leaflet.extras’
     ‘maptools’ ‘raster’ ‘rgdal’ ‘rgeos’ ‘rmarkdown’ ‘shinyjs’
     ‘shinythemes’ ‘spThin’ ‘spocc’ ‘testthat’
     All declared Imports should be used.
Flavors: r-devel-linux-x86_64-fedora-clang, r-devel-linux-x86_64-fedora-gcc, r-patched-solaris-x86, r-release-osx-x86_64, r-oldrel-osx-x86_64