CRAN Package Check Results for Package wallace

Last updated on 2018-12-09 22:58:48 CET.

Flavor Version Tinstall Tcheck Ttotal Status Flags
r-devel-linux-x86_64-debian-clang 1.0.6 1.99 25.98 27.97 OK
r-devel-linux-x86_64-debian-gcc 1.0.6 1.69 20.97 22.66 OK
r-devel-linux-x86_64-fedora-clang 1.0.6 32.64 NOTE
r-devel-linux-x86_64-fedora-gcc 1.0.6 34.13 NOTE
r-devel-windows-ix86+x86_64 1.0.6 8.00 38.00 46.00 OK
r-patched-linux-x86_64 1.0.6 1.89 24.60 26.49 OK
r-patched-solaris-x86 1.0.6 53.10 NOTE
r-release-linux-x86_64 1.0.6 1.85 24.63 26.48 OK
r-release-windows-ix86+x86_64 1.0.6 6.00 39.00 45.00 OK
r-release-osx-x86_64 1.0.6 NOTE
r-oldrel-windows-ix86+x86_64 1.0.5 9.00 42.00 51.00 OK
r-oldrel-osx-x86_64 1.0.6 ERROR

Check Details

Version: 1.0.6
Check: dependencies in R code
Result: NOTE
    Namespaces in Imports field not imported from:
     ‘DT’ ‘ENMeval’ ‘RColorBrewer’ ‘XML’ ‘dismo’ ‘dplyr’ ‘leaflet.extras’
     ‘maptools’ ‘raster’ ‘rgdal’ ‘rgeos’ ‘rmarkdown’ ‘shinyjs’
     ‘shinythemes’ ‘spThin’ ‘spocc’ ‘zip’
     All declared Imports should be used.
Flavors: r-devel-linux-x86_64-fedora-clang, r-devel-linux-x86_64-fedora-gcc, r-patched-solaris-x86, r-release-osx-x86_64

Version: 1.0.6
Check: whether package can be installed
Result: ERROR
    Installation failed.
Flavor: r-oldrel-osx-x86_64