CRAN Package Check Results for Package wallace

Last updated on 2019-03-20 22:48:16 CET.

Flavor Version Tinstall Tcheck Ttotal Status Flags
r-devel-linux-x86_64-debian-clang 1.0.6 2.78 25.17 27.95 OK
r-devel-linux-x86_64-debian-gcc 1.0.6 2.29 20.71 23.00 OK
r-devel-linux-x86_64-fedora-clang 1.0.6 34.43 NOTE
r-devel-linux-x86_64-fedora-gcc 1.0.6 33.18 NOTE
r-devel-windows-ix86+x86_64 1.0.6 16.00 63.00 79.00 OK
r-patched-linux-x86_64 1.0.6 1.94 23.91 25.85 OK
r-patched-solaris-x86 1.0.6 49.60 NOTE
r-release-linux-x86_64 1.0.6 1.43 24.15 25.58 OK
r-release-windows-ix86+x86_64 1.0.6 4.00 38.00 42.00 OK
r-release-osx-x86_64 1.0.6 NOTE
r-oldrel-windows-ix86+x86_64 1.0.5 9.00 42.00 51.00 OK
r-oldrel-osx-x86_64 1.0.6 ERROR

Check Details

Version: 1.0.6
Check: dependencies in R code
Result: NOTE
    Namespaces in Imports field not imported from:
     ‘DT’ ‘ENMeval’ ‘RColorBrewer’ ‘XML’ ‘dismo’ ‘dplyr’ ‘leaflet.extras’
     ‘maptools’ ‘raster’ ‘rgdal’ ‘rgeos’ ‘rmarkdown’ ‘shinyjs’
     ‘shinythemes’ ‘spThin’ ‘spocc’ ‘zip’
     All declared Imports should be used.
Flavors: r-devel-linux-x86_64-fedora-clang, r-devel-linux-x86_64-fedora-gcc, r-patched-solaris-x86, r-release-osx-x86_64

Version: 1.0.6
Check: whether package can be installed
Result: ERROR
    Installation failed.
Flavor: r-oldrel-osx-x86_64