CRAN Package Check Results for Package wallace

Last updated on 2018-06-24 22:49:46 CEST.

Flavor Version Tinstall Tcheck Ttotal Status Flags
r-devel-linux-x86_64-debian-clang 1.0.4 2.03 29.83 31.86 WARN
r-devel-linux-x86_64-debian-gcc 1.0.5 1.71 23.47 25.18 OK
r-devel-linux-x86_64-fedora-clang 1.0.5 23.74 NOTE
r-devel-linux-x86_64-fedora-gcc 1.0.5 29.37 NOTE
r-devel-windows-ix86+x86_64 1.0.5 6.00 49.00 55.00 OK
r-patched-linux-x86_64 1.0.4 1.20 25.65 26.85 NOTE
r-patched-solaris-x86 1.0.5 49.60 NOTE
r-release-linux-x86_64 1.0.5 1.94 25.27 27.21 OK
r-release-windows-ix86+x86_64 1.0.4 7.00 59.00 66.00 OK
r-release-osx-x86_64 1.0.5 NOTE
r-oldrel-windows-ix86+x86_64 1.0.5 5.00 39.00 44.00 OK
r-oldrel-osx-x86_64 1.0.4 NOTE

Check Details

Version: 1.0.4
Check: package dependencies
Result: NOTE
    Package suggested but not available for checking: ‘RSelenium’
Flavors: r-devel-linux-x86_64-debian-clang, r-patched-linux-x86_64

Version: 1.0.4
Check: for unstated dependencies in ‘tests’
Result: WARN
    '::' or ':::' import not declared from: ‘XML’
    'library' or 'require' call not declared from: ‘XML’
Flavor: r-devel-linux-x86_64-debian-clang

Version: 1.0.5
Check: dependencies in R code
Result: NOTE
    Namespaces in Imports field not imported from:
     ‘DT’ ‘ENMeval’ ‘RColorBrewer’ ‘XML’ ‘dismo’ ‘dplyr’ ‘leaflet.extras’
     ‘maptools’ ‘raster’ ‘rgdal’ ‘rgeos’ ‘rmarkdown’ ‘shinyjs’
     ‘shinythemes’ ‘spThin’ ‘spocc’ ‘testthat’
     All declared Imports should be used.
Flavors: r-devel-linux-x86_64-fedora-clang, r-devel-linux-x86_64-fedora-gcc, r-patched-solaris-x86, r-release-osx-x86_64

Version: 1.0.4
Check: dependencies in R code
Result: NOTE
    Namespaces in Imports field not imported from:
     ‘DT’ ‘ENMeval’ ‘RColorBrewer’ ‘dismo’ ‘dplyr’ ‘leaflet.extras’
     ‘maptools’ ‘raster’ ‘rgdal’ ‘rgeos’ ‘shinyjs’ ‘shinythemes’ ‘spThin’
     ‘spocc’
     All declared Imports should be used.
Flavor: r-oldrel-osx-x86_64