CRAN Package Check Results for Package walmartAPI

Last updated on 2023-09-22 23:05:15 CEST.

Flavor Version Tinstall Tcheck Ttotal Status Flags
r-devel-linux-x86_64-debian-clang 0.1.5 2.07 22.83 24.90 NOTE
r-devel-linux-x86_64-debian-gcc 0.1.5 1.91 17.82 19.73 NOTE
r-devel-linux-x86_64-fedora-clang 0.1.5 31.53 NOTE
r-devel-linux-x86_64-fedora-gcc 0.1.5 30.36 NOTE
r-devel-windows-x86_64 0.1.5 5.00 42.00 47.00 NOTE
r-patched-linux-x86_64 0.1.5 1.88 22.09 23.97 NOTE
r-release-linux-x86_64 0.1.5 1.98 22.00 23.98 NOTE
r-release-macos-arm64 0.1.5 15.00 NOTE
r-release-macos-x86_64 0.1.5 19.00 NOTE
r-release-windows-x86_64 0.1.5 4.00 41.00 45.00 NOTE
r-oldrel-macos-arm64 0.1.5 15.00 NOTE
r-oldrel-macos-x86_64 0.1.5 27.00 NOTE
r-oldrel-windows-x86_64 0.1.5 5.00 43.00 48.00 NOTE

Check Details

Version: 0.1.5
Check: LazyData
Result: NOTE
     'LazyData' is specified without a 'data' directory
Flavors: r-devel-linux-x86_64-debian-clang, r-devel-linux-x86_64-debian-gcc, r-devel-linux-x86_64-fedora-clang, r-devel-linux-x86_64-fedora-gcc, r-devel-windows-x86_64, r-patched-linux-x86_64, r-release-linux-x86_64, r-release-macos-arm64, r-release-macos-x86_64, r-release-windows-x86_64, r-oldrel-macos-arm64, r-oldrel-macos-x86_64, r-oldrel-windows-x86_64