CRAN Package Check Results for Package waspr

Last updated on 2021-10-21 22:50:55 CEST.

Flavor Version Tinstall Tcheck Ttotal Status Flags
r-devel-linux-x86_64-debian-clang 1.0.0 37.81 46.27 84.08 OK
r-devel-linux-x86_64-debian-gcc 1.0.0 30.05 46.92 76.97 OK
r-devel-linux-x86_64-fedora-clang 1.0.0 133.37 NOTE
r-devel-linux-x86_64-fedora-gcc 1.0.0 127.16 NOTE
r-devel-windows-x86_64 1.0.0 57.00 75.00 132.00 OK
r-devel-windows-x86_64-gcc10-UCRT 1.0.0 NOTE
r-patched-linux-x86_64 1.0.0 34.82 55.18 90.00 OK
r-patched-solaris-x86 1.0.0 143.80 NOTE
r-release-linux-x86_64 1.0.0 36.12 55.16 91.28 OK
r-release-macos-arm64 1.0.0 NOTE
r-release-macos-x86_64 1.0.0 NOTE
r-release-windows-ix86+x86_64 1.0.0 86.00 123.00 209.00 OK
r-oldrel-macos-x86_64 1.0.0 NOTE
r-oldrel-windows-ix86+x86_64 1.0.0 115.00 124.00 239.00 OK

Check Details

Version: 1.0.0
Check: dependencies in R code
Result: NOTE
    Namespace in Imports field not imported from: ‘methods’
     All declared Imports should be used.
Flavors: r-devel-linux-x86_64-fedora-clang, r-devel-linux-x86_64-fedora-gcc, r-devel-windows-x86_64-gcc10-UCRT, r-patched-solaris-x86, r-release-macos-arm64, r-release-macos-x86_64, r-oldrel-macos-x86_64