CRAN Package Check Results for Package waterData

Last updated on 2019-10-13 22:48:55 CEST.

Flavor Version Tinstall Tcheck Ttotal Status Flags
r-devel-linux-x86_64-debian-clang 1.0.8 3.64 47.02 50.66 OK
r-devel-linux-x86_64-debian-gcc 1.0.8 3.64 37.63 41.27 OK
r-devel-linux-x86_64-fedora-clang 1.0.8 57.51 WARN
r-devel-linux-x86_64-fedora-gcc 1.0.8 43.66 OK
r-devel-windows-ix86+x86_64 1.0.8 11.00 94.00 105.00 WARN
r-patched-linux-x86_64 1.0.8 4.05 41.35 45.40 WARN
r-patched-solaris-x86 1.0.8 95.20 OK
r-release-linux-x86_64 1.0.8 3.72 47.96 51.68 OK
r-release-windows-ix86+x86_64 1.0.8 13.00 58.00 71.00 WARN
r-release-osx-x86_64 1.0.8 OK
r-oldrel-windows-ix86+x86_64 1.0.8 6.00 72.00 78.00 OK
r-oldrel-osx-x86_64 1.0.8 OK

Check Details

Version: 1.0.8
Check: re-building of vignette outputs
Result: WARN
    Error(s) in re-building vignettes:
    --- re-building ‘vignette.Rnw’ using Sweave
    There are 2000 missing values for 05054000 or 49.78 percent of the data.
    The maximum block of missing 05054000 data is 12 days long.
    Filled in 2000 values for 05054000
    Request failed [400]. Retrying in 1 seconds...
    Request failed [400]. Retrying in 2.8 seconds...
    
    Error: processing vignette 'vignette.Rnw' failed with diagnostics:
     chunk 15
    Error in getWebServiceData(url, encoding = "gzip") :
     HTTP Status 400 - dataTypeCd: not found
    
    --- failed re-building ‘vignette.Rnw’
    
    SUMMARY: processing the following file failed:
     ‘vignette.Rnw’
    
    Error: Vignette re-building failed.
    Execution halted
Flavor: r-devel-linux-x86_64-fedora-clang

Version: 1.0.8
Check: re-building of vignette outputs
Result: WARN
    Error(s) in re-building vignettes:
    --- re-building 'vignette.Rnw' using Sweave
    There are 2000 missing values for 05054000 or 49.78 percent of the data.
    The maximum block of missing 05054000 data is 12 days long.
    Filled in 2000 values for 05054000
    Request failed [400]. Retrying in 1 seconds...
    Request failed [400]. Retrying in 1 seconds...
    
    Error: processing vignette 'vignette.Rnw' failed with diagnostics:
     chunk 15
    Error in getWebServiceData(url, encoding = "gzip") :
     HTTP Status 400 - dataTypeCd: not found
    
    --- failed re-building 'vignette.Rnw'
    
    SUMMARY: processing the following file failed:
     'vignette.Rnw'
    
    Error: Vignette re-building failed.
    Execution halted
Flavor: r-devel-windows-ix86+x86_64

Version: 1.0.8
Check: re-building of vignette outputs
Result: WARN
    Error(s) in re-building vignettes:
     ...
    --- re-building ‘vignette.Rnw’ using Sweave
    There are 2000 missing values for 05054000 or 49.78 percent of the data.
    The maximum block of missing 05054000 data is 12 days long.
    Filled in 2000 values for 05054000
    Request failed [400]. Retrying in 1.3 seconds...
    Request failed [400]. Retrying in 1 seconds...
    
    Error: processing vignette 'vignette.Rnw' failed with diagnostics:
     chunk 15
    Error in getWebServiceData(url, encoding = "gzip") :
     HTTP Status 400 - dataTypeCd: not found
    
    --- failed re-building ‘vignette.Rnw’
    
    SUMMARY: processing the following file failed:
     ‘vignette.Rnw’
    
    Error: Vignette re-building failed.
    Execution halted
Flavor: r-patched-linux-x86_64

Version: 1.0.8
Check: re-building of vignette outputs
Result: WARN
    Error(s) in re-building vignettes:
    --- re-building 'vignette.Rnw' using Sweave
    There are 2000 missing values for 05054000 or 49.78 percent of the data.
    The maximum block of missing 05054000 data is 12 days long.
    Filled in 2000 values for 05054000
    Request failed [400]. Retrying in 1 seconds...
    Request failed [400]. Retrying in 2.9 seconds...
    
    Error: processing vignette 'vignette.Rnw' failed with diagnostics:
     chunk 15
    Error in getWebServiceData(url, encoding = "gzip") :
     HTTP Status 400 - dataTypeCd: not found
    
    --- failed re-building 'vignette.Rnw'
    
    SUMMARY: processing the following file failed:
     'vignette.Rnw'
    
    Error: Vignette re-building failed.
    Execution halted
Flavor: r-release-windows-ix86+x86_64