CRAN Package Check Results for Package wavelets

Last updated on 2021-09-18 23:50:10 CEST.

Flavor Version Tinstall Tcheck Ttotal Status Flags
r-devel-linux-x86_64-debian-clang 0.3-0.2 6.57 45.84 52.41 OK
r-devel-linux-x86_64-debian-gcc 0.3-0.2 5.74 35.14 40.88 OK
r-devel-linux-x86_64-fedora-clang 0.3-0.2 72.66 NOTE
r-devel-linux-x86_64-fedora-gcc 0.3-0.2 62.45 NOTE
r-devel-windows-x86_64 0.3-0.2 14.00 63.00 77.00 OK
r-devel-windows-x86_64-gcc10-UCRT 0.3-0.2 OK
r-patched-linux-x86_64 0.3-0.2 6.62 44.89 51.51 OK
r-patched-solaris-x86 0.3-0.2 84.60 OK
r-release-linux-x86_64 0.3-0.2 7.37 45.06 52.43 OK
r-release-macos-arm64 0.3-0.2 OK
r-release-macos-x86_64 0.3-0.2 OK
r-release-windows-ix86+x86_64 0.3-0.2 16.00 53.00 69.00 OK
r-oldrel-macos-x86_64 0.3-0.2 OK
r-oldrel-windows-ix86+x86_64 0.3-0.2 13.00 53.00 66.00 OK

Check Details

Version: 0.3-0.2
Check: compiled code
Result: NOTE
    File ‘wavelets/libs/wavelets.so’:
     Found no calls to: ‘R_registerRoutines’, ‘R_useDynamicSymbols’
    
    It is good practice to register native routines and to disable symbol
    search.
    
    See ‘Writing portable packages’ in the ‘Writing R Extensions’ manual.
Flavors: r-devel-linux-x86_64-fedora-clang, r-devel-linux-x86_64-fedora-gcc