CRAN Package Check Results for Package weathercan

Last updated on 2021-05-14 23:51:05 CEST.

Flavor Version Tinstall Tcheck Ttotal Status Flags
r-devel-linux-x86_64-debian-clang 0.5.0 7.89 300.03 307.92 OK
r-devel-linux-x86_64-debian-gcc 0.5.0 6.00 220.71 226.71 OK
r-devel-linux-x86_64-fedora-clang 0.5.0 214.51 NOTE
r-devel-linux-x86_64-fedora-gcc 0.5.0 183.17 NOTE
r-devel-windows-ix86+x86_64 0.5.0 16.00 285.00 301.00 OK
r-devel-windows-x86_64-gcc10-UCRT 0.5.0 NOTE
r-patched-linux-x86_64 0.5.0 7.84 285.33 293.17 OK
r-patched-solaris-x86 0.5.0 423.80 NOTE
r-release-linux-x86_64 0.5.0 7.66 307.32 314.98 OK
r-release-macos-x86_64 0.5.0 NOTE
r-release-windows-ix86+x86_64 0.5.0 13.00 422.00 435.00 OK
r-oldrel-macos-x86_64 0.5.0 NOTE
r-oldrel-windows-ix86+x86_64 0.5.0 9.00 385.00 394.00 OK

Additional issues

donttest

Check Details

Version: 0.5.0
Check: dependencies in R code
Result: NOTE
    Namespace in Imports field not imported from: ‘memoise’
     All declared Imports should be used.
Flavors: r-devel-linux-x86_64-fedora-clang, r-devel-linux-x86_64-fedora-gcc, r-devel-windows-x86_64-gcc10-UCRT, r-patched-solaris-x86, r-release-macos-x86_64, r-oldrel-macos-x86_64

Version: 0.5.0
Check: data for non-ASCII characters
Result: NOTE
     Note: found 3 marked UTF-8 strings
Flavors: r-devel-linux-x86_64-fedora-clang, r-devel-linux-x86_64-fedora-gcc, r-devel-windows-x86_64-gcc10-UCRT, r-patched-solaris-x86, r-release-macos-x86_64, r-oldrel-macos-x86_64