CRAN Package Check Results for Package weathercan

Last updated on 2020-02-24 22:50:41 CET.

Flavor Version Tinstall Tcheck Ttotal Status Flags
r-devel-linux-x86_64-debian-clang 0.3.3 7.88 160.82 168.70 OK
r-devel-linux-x86_64-debian-gcc 0.3.3 7.00 119.19 126.19 OK
r-devel-linux-x86_64-fedora-clang 0.3.3 210.60 NOTE
r-devel-linux-x86_64-fedora-gcc 0.3.3 190.78 NOTE
r-devel-windows-ix86+x86_64 0.3.3 17.00 236.00 253.00 OK
r-devel-windows-ix86+x86_64-gcc8 0.3.3 25.00 267.00 292.00 OK
r-patched-linux-x86_64 0.3.3 6.58 140.47 147.05 OK
r-patched-solaris-x86 0.3.3 239.30 NOTE
r-release-linux-x86_64 0.3.3 7.76 140.08 147.84 OK
r-release-windows-ix86+x86_64 0.3.3 14.00 208.00 222.00 OK
r-release-osx-x86_64 0.3.3 NOTE
r-oldrel-windows-ix86+x86_64 0.3.3 10.00 199.00 209.00 OK
r-oldrel-osx-x86_64 0.3.3 NOTE

Check Details

Version: 0.3.3
Check: data for non-ASCII characters
Result: NOTE
     Note: found 72 marked UTF-8 strings
Flavors: r-devel-linux-x86_64-fedora-clang, r-devel-linux-x86_64-fedora-gcc, r-patched-solaris-x86, r-release-osx-x86_64, r-oldrel-osx-x86_64