CRAN Package Check Results for Package webdriver

Last updated on 2021-10-20 23:50:29 CEST.

Flavor Version Tinstall Tcheck Ttotal Status Flags
r-devel-linux-x86_64-debian-clang 1.0.6 5.99 30.18 36.17 NOTE
r-devel-linux-x86_64-debian-gcc 1.0.6 5.00 24.17 29.17 NOTE
r-devel-linux-x86_64-fedora-clang 1.0.6 53.75 NOTE
r-devel-linux-x86_64-fedora-gcc 1.0.6 43.70 NOTE
r-devel-windows-x86_64 1.0.6 12.00 40.00 52.00 NOTE
r-devel-windows-x86_64-gcc10-UCRT 1.0.6 NOTE
r-patched-linux-x86_64 1.0.6 6.77 29.69 36.46 NOTE
r-patched-solaris-x86 1.0.6 67.90 NOTE
r-release-linux-x86_64 1.0.6 6.50 30.10 36.60 NOTE
r-release-macos-arm64 1.0.6 NOTE
r-release-macos-x86_64 1.0.6 NOTE
r-release-windows-ix86+x86_64 1.0.6 8.00 47.00 55.00 NOTE
r-oldrel-macos-x86_64 1.0.6 OK
r-oldrel-windows-ix86+x86_64 1.0.6 11.00 47.00 58.00 OK

Check Details

Version: 1.0.6
Check: LazyData
Result: NOTE
     'LazyData' is specified without a 'data' directory
Flavors: r-devel-linux-x86_64-debian-clang, r-devel-linux-x86_64-debian-gcc, r-devel-linux-x86_64-fedora-clang, r-devel-linux-x86_64-fedora-gcc, r-devel-windows-x86_64, r-devel-windows-x86_64-gcc10-UCRT, r-patched-linux-x86_64, r-patched-solaris-x86, r-release-linux-x86_64, r-release-macos-arm64, r-release-macos-x86_64, r-release-windows-ix86+x86_64