CRAN Package Check Results for Package websocket

Last updated on 2021-05-06 22:55:40 CEST.

Flavor Version Tinstall Tcheck Ttotal Status Flags
r-devel-linux-x86_64-debian-clang 1.4.0 77.20 33.15 110.35 NOTE
r-devel-linux-x86_64-debian-gcc 1.4.0 65.03 26.25 91.28 NOTE
r-devel-linux-x86_64-fedora-clang 1.4.0 171.92 NOTE
r-devel-linux-x86_64-fedora-gcc 1.4.0 161.95 NOTE
r-devel-windows-ix86+x86_64 1.4.0 270.00 129.00 399.00 NOTE
r-devel-windows-x86_64-gcc10-UCRT 1.4.0 NOTE
r-patched-linux-x86_64 1.4.0 74.83 32.44 107.27 NOTE
r-patched-solaris-x86 1.4.0 144.10 NOTE
r-release-linux-x86_64 1.4.0 75.90 31.95 107.85 NOTE
r-release-macos-x86_64 1.4.0 NOTE
r-release-windows-ix86+x86_64 1.4.0 269.00 99.00 368.00 NOTE
r-oldrel-macos-x86_64 1.4.0 NOTE
r-oldrel-windows-ix86+x86_64 1.4.0 276.00 121.00 397.00 NOTE

Check Details

Version: 1.4.0
Check: for GNU extensions in Makefiles
Result: NOTE
    GNU make is a SystemRequirements.
Flavors: r-devel-linux-x86_64-debian-clang, r-devel-linux-x86_64-debian-gcc, r-devel-linux-x86_64-fedora-clang, r-devel-linux-x86_64-fedora-gcc, r-devel-windows-ix86+x86_64, r-devel-windows-x86_64-gcc10-UCRT, r-patched-linux-x86_64, r-patched-solaris-x86, r-release-linux-x86_64, r-release-macos-x86_64, r-release-windows-ix86+x86_64, r-oldrel-macos-x86_64, r-oldrel-windows-ix86+x86_64

Version: 1.4.0
Check: installed package size
Result: NOTE
     installed size is 16.9Mb
     sub-directories of 1Mb or more:
     libs 16.7Mb
Flavors: r-devel-linux-x86_64-fedora-clang, r-devel-windows-ix86+x86_64, r-release-macos-x86_64, r-release-windows-ix86+x86_64, r-oldrel-macos-x86_64, r-oldrel-windows-ix86+x86_64