CRAN Package Check Results for Package weightedScores

Last updated on 2024-07-23 22:49:54 CEST.

Flavor Version Tinstall Tcheck Ttotal Status Flags
r-devel-linux-x86_64-debian-clang 0.9.5.3 11.88 159.69 171.57 NOTE
r-devel-linux-x86_64-debian-gcc 0.9.5.3 8.41 109.48 117.89 NOTE
r-devel-linux-x86_64-fedora-clang 0.9.5.3 209.79 NOTE
r-devel-linux-x86_64-fedora-gcc 0.9.5.3 182.58 NOTE
r-devel-windows-x86_64 0.9.5.3 14.00 121.00 135.00 NOTE
r-patched-linux-x86_64 0.9.5.3 12.00 145.43 157.43 NOTE
r-release-linux-x86_64 0.9.5.3 9.93 145.78 155.71 NOTE
r-release-macos-arm64 0.9.5.3 42.00 NOTE
r-release-macos-x86_64 0.9.5.3 86.00 NOTE
r-release-windows-x86_64 0.9.5.3 14.00 117.00 131.00 NOTE
r-oldrel-macos-arm64 0.9.5.3 46.00 OK
r-oldrel-macos-x86_64 0.9.5.3 94.00 OK
r-oldrel-windows-x86_64 0.9.5.3 13.00 149.00 162.00 OK

Check Details

Version: 0.9.5.3
Check: Rd files
Result: NOTE checkRd: (-1) CLIC.Rd:149: Lost braces 149 | Composite likelihood {E}{M} algorithm with applications to | ^ Flavors: r-devel-linux-x86_64-debian-clang, r-devel-linux-x86_64-debian-gcc, r-devel-linux-x86_64-fedora-clang, r-devel-linux-x86_64-fedora-gcc, r-devel-windows-x86_64, r-patched-linux-x86_64, r-release-linux-x86_64, r-release-macos-arm64, r-release-macos-x86_64, r-release-windows-x86_64

Version: 0.9.5.3
Check: compiled code
Result: NOTE File ‘weightedScores/libs/weightedScores.so’: Found no calls to: ‘R_registerRoutines’, ‘R_useDynamicSymbols’ It is good practice to register native routines and to disable symbol search. See ‘Writing portable packages’ in the ‘Writing R Extensions’ manual. Flavors: r-devel-linux-x86_64-fedora-clang, r-devel-linux-x86_64-fedora-gcc