Last updated on 2023-09-26 23:04:29 CEST.
Flavor | Version | Tinstall | Tcheck | Ttotal | Status | Flags |
---|---|---|---|---|---|---|
r-devel-linux-x86_64-debian-clang | 1.1.1 | 16.01 | 413.70 | 429.71 | OK | |
r-devel-linux-x86_64-debian-gcc | 1.1.1 | 13.48 | 310.70 | 324.18 | OK | |
r-devel-linux-x86_64-fedora-clang | 1.1.1 | 539.27 | NOTE | |||
r-devel-linux-x86_64-fedora-gcc | 1.1.1 | 554.53 | OK | |||
r-devel-windows-x86_64 | 1.1.1 | 15.00 | 356.00 | 371.00 | OK | |
r-patched-linux-x86_64 | 1.1.1 | 14.76 | 384.44 | 399.20 | OK | |
r-release-linux-x86_64 | 1.1.1 | 10.56 | 394.15 | 404.71 | OK | |
r-release-macos-arm64 | 1.1.1 | 226.00 | OK | |||
r-release-macos-x86_64 | 1.1.1 | 348.00 | OK | |||
r-release-windows-x86_64 | 1.1.1 | 21.00 | 399.00 | 420.00 | OK | |
r-oldrel-macos-arm64 | 1.1.1 | 151.00 | OK | |||
r-oldrel-macos-x86_64 | 1.1.1 | 198.00 | OK | |||
r-oldrel-windows-x86_64 | 1.1.1 | 20.00 | 407.00 | 427.00 | OK |
Version: 1.1.1
Check: package dependencies
Result: NOTE
Imports includes 22 non-default packages.
Importing from so many packages makes the package vulnerable to any of
them becoming unavailable. Move as many as possible to Suggests and
use conditionally.
Flavor: r-devel-linux-x86_64-fedora-clang