CRAN Package Check Results for Package widgetframe

Last updated on 2023-09-26 23:04:29 CEST.

Flavor Version Tinstall Tcheck Ttotal Status Flags
r-devel-linux-x86_64-debian-clang 0.3.1 2.96 34.24 37.20 NOTE
r-devel-linux-x86_64-debian-gcc 0.3.1 2.72 26.82 29.54 NOTE
r-devel-linux-x86_64-fedora-clang 0.3.1 47.10 NOTE
r-devel-linux-x86_64-fedora-gcc 0.3.1 58.04 NOTE
r-devel-windows-x86_64 0.3.1 5.00 73.00 78.00 NOTE
r-patched-linux-x86_64 0.3.1 3.56 33.84 37.40 NOTE
r-release-linux-x86_64 0.3.1 3.08 33.53 36.61 NOTE
r-release-macos-arm64 0.3.1 28.00 NOTE
r-release-macos-x86_64 0.3.1 38.00 NOTE
r-release-windows-x86_64 0.3.1 5.00 52.00 57.00 NOTE
r-oldrel-macos-arm64 0.3.1 19.00 NOTE
r-oldrel-macos-x86_64 0.3.1 28.00 NOTE
r-oldrel-windows-x86_64 0.3.1 5.00 54.00 59.00 NOTE

Check Details

Version: 0.3.1
Check: LazyData
Result: NOTE
     'LazyData' is specified without a 'data' directory
Flavors: r-devel-linux-x86_64-debian-clang, r-devel-linux-x86_64-debian-gcc, r-devel-linux-x86_64-fedora-clang, r-devel-linux-x86_64-fedora-gcc, r-devel-windows-x86_64, r-patched-linux-x86_64, r-release-linux-x86_64, r-release-macos-arm64, r-release-macos-x86_64, r-release-windows-x86_64, r-oldrel-macos-arm64, r-oldrel-macos-x86_64, r-oldrel-windows-x86_64