CRAN Package Check Results for Package widgetframe

Last updated on 2021-11-28 22:51:32 CET.

Flavor Version Tinstall Tcheck Ttotal Status Flags
r-devel-linux-x86_64-debian-clang 0.3.1 NOTE
r-devel-linux-x86_64-debian-gcc 0.3.1 2.05 23.45 25.50 NOTE
r-devel-linux-x86_64-fedora-clang 0.3.1 51.44 NOTE
r-devel-linux-x86_64-fedora-gcc 0.3.1 37.58 NOTE
r-devel-windows-x86_64-new-UL 0.3.1 9.00 66.00 75.00 NOTE
r-devel-windows-x86_64-new-TK 0.3.1 NOTE
r-devel-windows-x86_64-old 0.3.1 3.00 50.00 53.00 NOTE
r-patched-linux-x86_64 0.3.1 2.65 27.93 30.58 NOTE
r-patched-solaris-x86 0.3.1 59.30 NOTE
r-release-linux-x86_64 0.3.1 2.51 27.70 30.21 NOTE
r-release-macos-arm64 0.3.1 NOTE
r-release-macos-x86_64 0.3.1 NOTE
r-release-windows-ix86+x86_64 0.3.1 6.00 33.00 39.00 NOTE
r-oldrel-macos-x86_64 0.3.1 OK
r-oldrel-windows-ix86+x86_64 0.3.1 5.00 47.00 52.00 OK

Check Details

Version: 0.3.1
Check: LazyData
Result: NOTE
     'LazyData' is specified without a 'data' directory
Flavors: r-devel-linux-x86_64-debian-clang, r-devel-linux-x86_64-debian-gcc, r-devel-linux-x86_64-fedora-clang, r-devel-linux-x86_64-fedora-gcc, r-devel-windows-x86_64-new-UL, r-devel-windows-x86_64-new-TK, r-devel-windows-x86_64-old, r-patched-linux-x86_64, r-patched-solaris-x86, r-release-linux-x86_64, r-release-macos-arm64, r-release-macos-x86_64, r-release-windows-ix86+x86_64