CRAN Package Check Results for Package wikilake

Last updated on 2019-09-21 22:49:12 CEST.

Flavor Version Tinstall Tcheck Ttotal Status Flags
r-devel-linux-x86_64-debian-clang 0.4 3.25 35.86 39.11 OK
r-devel-linux-x86_64-debian-gcc 0.4 3.49 29.54 33.03 OK
r-devel-linux-x86_64-fedora-clang 0.4 49.72 NOTE
r-devel-linux-x86_64-fedora-gcc 0.4 48.56 NOTE
r-devel-windows-ix86+x86_64 0.4 14.00 53.00 67.00 OK
r-patched-linux-x86_64 0.4 3.77 35.64 39.41 OK
r-patched-solaris-x86 0.4 77.10 NOTE
r-release-linux-x86_64 0.4 3.71 35.99 39.70 OK
r-release-windows-ix86+x86_64 0.4 8.00 53.00 61.00 OK
r-release-osx-x86_64 0.4 NOTE
r-oldrel-windows-ix86+x86_64 0.4 4.00 52.00 56.00 OK
r-oldrel-osx-x86_64 0.4 NOTE

Check Details

Version: 0.4
Check: data for non-ASCII characters
Result: NOTE
     Note: found 2 marked UTF-8 strings
Flavors: r-devel-linux-x86_64-fedora-clang, r-devel-linux-x86_64-fedora-gcc, r-patched-solaris-x86, r-release-osx-x86_64, r-oldrel-osx-x86_64