CRAN Package Check Results for Package wikitaxa

Last updated on 2021-07-29 00:49:31 CEST.

Flavor Version Tinstall Tcheck Ttotal Status Flags
r-devel-linux-x86_64-debian-clang 0.4.0 OK
r-devel-linux-x86_64-debian-gcc 0.4.0 2.59 25.91 28.50 OK
r-devel-linux-x86_64-fedora-clang 0.4.0 50.80 NOTE
r-devel-linux-x86_64-fedora-gcc 0.4.0 41.07 OK
r-devel-windows-x86_64 0.4.0 15.00 51.00 66.00 OK
r-devel-windows-x86_64-gcc10-UCRT 0.4.0 OK
r-patched-linux-x86_64 0.4.0 2.85 30.56 33.41 OK
r-patched-solaris-x86 0.4.0 58.40 OK
r-release-linux-x86_64 0.4.0 3.06 30.84 33.90 OK
r-release-macos-arm64 0.4.0 OK
r-release-macos-x86_64 0.4.0 OK
r-release-windows-ix86+x86_64 0.4.0 8.00 41.00 49.00 OK
r-oldrel-macos-x86_64 0.4.0 OK
r-oldrel-windows-ix86+x86_64 0.4.0 5.00 53.00 58.00 OK

Check Details

Version: 0.4.0
Check: Rd cross-references
Result: NOTE
    Undeclared package ‘httr’ in Rd xrefs
Flavor: r-devel-linux-x86_64-fedora-clang