Last updated on 2023-09-26 23:04:29 CEST.
Flavor | Version | Tinstall | Tcheck | Ttotal | Status | Flags |
---|---|---|---|---|---|---|
r-devel-linux-x86_64-debian-clang | 0.1.2 | 42.86 | 78.19 | 121.05 | OK | |
r-devel-linux-x86_64-debian-gcc | 0.1.2 | 39.85 | 57.90 | 97.75 | OK | |
r-devel-linux-x86_64-fedora-clang | 0.1.2 | 157.02 | NOTE | |||
r-devel-linux-x86_64-fedora-gcc | 0.1.2 | 166.13 | NOTE | |||
r-devel-windows-x86_64 | 0.1.2 | 43.00 | 81.00 | 124.00 | OK | |
r-patched-linux-x86_64 | 0.1.2 | 36.20 | 71.52 | 107.72 | OK | |
r-release-linux-x86_64 | 0.1.2 | 33.17 | 71.66 | 104.83 | OK | |
r-release-macos-arm64 | 0.1.2 | 66.00 | NOTE | |||
r-release-macos-x86_64 | 0.1.2 | 85.00 | NOTE | |||
r-release-windows-x86_64 | 0.1.2 | 55.00 | 88.00 | 143.00 | OK | |
r-oldrel-macos-arm64 | 0.1.2 | 70.00 | NOTE | |||
r-oldrel-macos-x86_64 | 0.1.2 | 94.00 | NOTE | |||
r-oldrel-windows-x86_64 | 0.1.2 | 55.00 | 94.00 | 149.00 | OK |
Version: 0.1.2
Check: dependencies in R code
Result: NOTE
Namespaces in Imports field not imported from:
‘ggplot2’ ‘ggthemes’ ‘plotly’ ‘shinythemes’
All declared Imports should be used.
Flavors: r-devel-linux-x86_64-fedora-clang, r-devel-linux-x86_64-fedora-gcc, r-oldrel-macos-arm64, r-oldrel-macos-x86_64
Version: 0.1.2
Check: installed package size
Result: NOTE
installed size is 5.5Mb
sub-directories of 1Mb or more:
data 5.1Mb
Flavors: r-release-macos-arm64, r-release-macos-x86_64, r-oldrel-macos-arm64