CRAN Package Check Results for Package wilson

Last updated on 2020-01-17 22:51:09 CET.

Flavor Version Tinstall Tcheck Ttotal Status Flags
r-devel-linux-x86_64-debian-clang 2.3.1 9.93 86.97 96.90 OK
r-devel-linux-x86_64-debian-gcc 2.3.1 8.03 64.88 72.91 WARN
r-devel-linux-x86_64-fedora-clang 2.3.1 117.24 WARN
r-devel-linux-x86_64-fedora-gcc 2.3.1 114.32 NOTE
r-devel-windows-ix86+x86_64 2.3.1 33.00 137.00 170.00 OK
r-devel-windows-ix86+x86_64-gcc8 2.3.1 22.00 134.00 156.00 OK
r-patched-linux-x86_64 2.3.1 8.54 75.45 83.99 OK
r-patched-solaris-x86 2.3.1 138.30 NOTE
r-release-linux-x86_64 2.3.1 8.34 74.49 82.83 OK
r-release-windows-ix86+x86_64 2.3.1 26.00 129.00 155.00 OK
r-release-osx-x86_64 2.3.1 NOTE
r-oldrel-windows-ix86+x86_64 2.3.1 23.00 138.00 161.00 OK
r-oldrel-osx-x86_64 2.3.1 NOTE

Check Details

Version: 2.3.1
Check: package dependencies
Result: WARN
    Requires orphaned package: ‘gplots’
Flavors: r-devel-linux-x86_64-debian-gcc, r-devel-linux-x86_64-fedora-clang

Version: 2.3.1
Check: dependencies in R code
Result: NOTE
    Namespace in Imports field not imported from: ‘magrittr’
     All declared Imports should be used.
Flavors: r-devel-linux-x86_64-fedora-clang, r-devel-linux-x86_64-fedora-gcc, r-patched-solaris-x86, r-release-osx-x86_64, r-oldrel-osx-x86_64