CRAN Package Check Results for Package wilson

Last updated on 2019-09-14 22:48:41 CEST.

Flavor Version Tinstall Tcheck Ttotal Status Flags
r-devel-linux-x86_64-debian-clang 2.0.2 8.01 76.16 84.17 OK
r-devel-linux-x86_64-debian-gcc 2.0.2 6.80 59.61 66.41 OK
r-devel-linux-x86_64-fedora-clang 2.0.2 93.16 OK
r-devel-linux-x86_64-fedora-gcc 2.0.2 92.23 OK
r-devel-windows-ix86+x86_64 2.0.2 31.00 88.00 119.00 OK
r-patched-linux-x86_64 2.0.2 7.93 73.27 81.20 OK
r-patched-solaris-x86 2.0.2 138.70 OK
r-release-linux-x86_64 2.0.2 8.89 73.18 82.07 OK
r-release-windows-ix86+x86_64 2.0.2 18.00 89.00 107.00 OK
r-release-osx-x86_64 2.0.2 ERROR
r-oldrel-windows-ix86+x86_64 2.0.2 22.00 97.00 119.00 OK
r-oldrel-osx-x86_64 2.0.2 OK

Check Details

Version: 2.0.2
Check: package dependencies
Result: ERROR
    Packages required but not available: 'ComplexHeatmap', 'DESeq2'
    
    See section ‘The DESCRIPTION file’ in the ‘Writing R Extensions’
    manual.
Flavor: r-release-osx-x86_64