CRAN Package Check Results for Package winch

Last updated on 2021-10-22 22:56:51 CEST.

Flavor Version Tinstall Tcheck Ttotal Status Flags
r-devel-linux-x86_64-debian-clang 0.0.6 16.08 31.31 47.39 NOTE
r-devel-linux-x86_64-debian-gcc 0.0.6 9.46 25.12 34.58 NOTE
r-devel-linux-x86_64-fedora-clang 0.0.6 67.38 NOTE
r-devel-linux-x86_64-fedora-gcc 0.0.6 53.79 NOTE
r-devel-windows-x86_64 0.0.6 82.00 59.00 141.00 NOTE
r-devel-windows-x86_64-gcc10-UCRT 0.0.6 WARN
r-patched-linux-x86_64 0.0.6 10.75 30.50 41.25 NOTE
r-patched-solaris-x86 0.0.6 63.50 NOTE
r-release-linux-x86_64 0.0.6 11.02 30.62 41.64 NOTE
r-release-macos-arm64 0.0.6 NOTE
r-release-macos-x86_64 0.0.6 NOTE
r-release-windows-ix86+x86_64 0.0.6 62.00 65.00 127.00 NOTE
r-oldrel-macos-x86_64 0.0.6 OK
r-oldrel-windows-ix86+x86_64 0.0.6 94.00 63.00 157.00 OK

Check Details

Version: 0.0.6
Check: LazyData
Result: NOTE
     'LazyData' is specified without a 'data' directory
Flavors: r-devel-linux-x86_64-debian-clang, r-devel-linux-x86_64-debian-gcc, r-devel-linux-x86_64-fedora-clang, r-devel-linux-x86_64-fedora-gcc, r-devel-windows-x86_64, r-devel-windows-x86_64-gcc10-UCRT, r-patched-linux-x86_64, r-patched-solaris-x86, r-release-linux-x86_64, r-release-macos-arm64, r-release-macos-x86_64, r-release-windows-ix86+x86_64

Version: 0.0.6
Check: whether package can be installed
Result: WARN
    Found the following significant warnings:
     trace_back_backtrace.c:87:19: warning: too many arguments for format [-Wformat-extra-args]
Flavor: r-devel-windows-x86_64-gcc10-UCRT