CRAN Package Check Results for Package windAC

Last updated on 2024-07-16 22:48:49 CEST.

Flavor Version Tinstall Tcheck Ttotal Status Flags
r-devel-linux-x86_64-debian-clang 1.2.10 6.72 61.25 67.97 NOTE
r-devel-linux-x86_64-debian-gcc 1.2.10 4.61 46.70 51.31 NOTE
r-devel-linux-x86_64-fedora-clang 1.2.10 85.82 NOTE
r-devel-linux-x86_64-fedora-gcc 1.2.10 79.39 NOTE
r-devel-windows-x86_64 1.2.10 7.00 74.00 81.00 NOTE
r-patched-linux-x86_64 1.2.10 5.95 59.76 65.71 NOTE
r-release-linux-x86_64 1.2.10 5.83 58.51 64.34 NOTE
r-release-macos-arm64 1.2.10 28.00 NOTE
r-release-macos-x86_64 1.2.10 42.00 NOTE
r-release-windows-x86_64 1.2.10 6.00 76.00 82.00 NOTE
r-oldrel-macos-arm64 1.2.10 34.00 OK
r-oldrel-macos-x86_64 1.2.10 53.00 OK
r-oldrel-windows-x86_64 1.2.10 8.00 82.00 90.00 OK

Check Details

Version: 1.2.10
Check: Rd files
Result: NOTE checkRd: (-1) secondDerivative.Rd:14: Lost braces 14 | This must be a function of the form FUN <- function(x, ...){...} | ^ checkRd: (-1) windAC.Rd:31: Lost braces in \itemize; meant \describe ? checkRd: (-1) windAC.Rd:32: Lost braces in \itemize; meant \describe ? checkRd: (-1) windAC.Rd:33: Lost braces in \itemize; meant \describe ? Flavors: r-devel-linux-x86_64-debian-clang, r-devel-linux-x86_64-debian-gcc, r-devel-linux-x86_64-fedora-clang, r-devel-linux-x86_64-fedora-gcc, r-devel-windows-x86_64, r-patched-linux-x86_64, r-release-linux-x86_64, r-release-macos-arm64, r-release-macos-x86_64, r-release-windows-x86_64